{"id":4151,"date":"2026-04-09T19:48:32","date_gmt":"2026-04-09T19:48:32","guid":{"rendered":"https:\/\/fashionuniversum.com\/?post_type=product&#038;p=4151"},"modified":"2026-04-09T19:48:32","modified_gmt":"2026-04-09T19:48:32","slug":"olavoga-fari-szett","status":"publish","type":"product","link":"https:\/\/fashionuniversum.com\/?product=olavoga-fari-szett","title":{"rendered":"OLAVOGA FARI szett"},"content":{"rendered":"<div class=\"Y3BBE\" data-sfc-cp=\"\" data-sfc-root=\"c\" data-sfc-cb=\"\" data-hveid=\"CAEICRAA\" data-complete=\"true\" data-processed=\"true\">\u2728 <strong class=\"Yjhzub\" data-sfc-root=\"c\" data-sfc-cb=\"\" data-complete=\"true\" data-processed=\"true\">OLAVOGA FARI szett \u2013 A SPORTOS SIKK \u00c9S A N\u0150IES DINAMIZMUS TAL\u00c1LKOZ\u00c1SA<\/strong> \u2728<\/div>\n<div class=\"Y3BBE\" data-sfc-cp=\"\" data-sfc-root=\"c\" data-sfc-cb=\"\" data-hveid=\"CAEIChAA\" data-complete=\"true\" data-processed=\"true\">Dobd fel a ruhat\u00e1radat az <strong class=\"Yjhzub\" data-sfc-root=\"c\" data-sfc-cb=\"\" data-complete=\"true\" data-processed=\"true\">OLAVOGA FARI<\/strong> k\u00e9tr\u00e9szes szettel, amely a k\u00e9nyelmet \u00e9s a magabiztos st\u00edlust \u00f6tv\u00f6zi egyetlen leny\u0171g\u00f6z\u0151 szettben! \ud83d\udc8e Ez a Fashion Universum k\u00edn\u00e1lat\u00e1ban tal\u00e1lhat\u00f3 \u00f6ssze\u00e1ll\u00edt\u00e1s a modern n\u0151 sz\u00e1m\u00e1ra k\u00e9sz\u00fclt: a r\u00f6vid\u00edtett fels\u0151 \u00e9s a l\u00e9gies szoknya p\u00e1rosa garant\u00e1ltan a kedvenc szetted lesz a szezonban.<\/div>\n<div class=\"Y3BBE\" data-sfc-cp=\"\" data-sfc-root=\"c\" data-sfc-cb=\"\" data-hveid=\"CAEICxAA\" data-complete=\"true\" data-processed=\"true\"><strong class=\"Yjhzub\" data-sfc-root=\"c\" data-sfc-cb=\"\" data-complete=\"true\" data-processed=\"true\">Mi\u00e9rt fogod im\u00e1dni a FARI szettet?<\/strong><\/div>\n<ul class=\"KsbFXc U6u95\" data-sfc-root=\"c\" data-sfc-cb=\"\" data-complete=\"true\" data-processed=\"true\">\n<li class=\"dF3vjf\" data-sfc-root=\"c\" data-sfc-cb=\"\" data-hveid=\"CAEIDBAA\" data-complete=\"true\" data-sae=\"\"><span class=\"T286Pc\" data-sfc-cp=\"\" data-sfc-root=\"c\" data-sfc-cb=\"\" data-complete=\"true\"><strong class=\"Yjhzub\" data-sfc-root=\"c\" data-sfc-cb=\"\" data-complete=\"true\">T\u00f6k\u00e9letesen \u00d6sszehangolt Du\u00f3:<\/strong> A szett egy r\u00f6vid\u00edtett fazon\u00fa, eleg\u00e1ns nyakmegold\u00e1ssal rendelkez\u0151 fels\u0151b\u0151l \u00e9s egy hozz\u00e1 passzol\u00f3, k\u00e9nyelmes szokny\u00e1b\u00f3l \u00e1ll. \ud83d\udc57\ud83d\udc96<\/span><\/li>\n<li class=\"dF3vjf\" data-sfc-root=\"c\" data-sfc-cb=\"\" data-hveid=\"CAEIDBAB\" data-complete=\"true\" data-sae=\"\"><span class=\"T286Pc\" data-sfc-cp=\"\" data-sfc-root=\"c\" data-sfc-cb=\"\" data-complete=\"true\"><strong class=\"Yjhzub\" data-sfc-root=\"c\" data-sfc-cb=\"\" data-complete=\"true\">Ikonikus OLAVOGA Branding:<\/strong> Mind a fels\u0151r\u00e9szen, mind a szoknya derek\u00e1n megtal\u00e1lhat\u00f3 a h\u00edmzett &#8222;olv&#8221; log\u00f3, amely a pr\u00e9mium min\u0151s\u00e9g \u00e9s a divat ir\u00e1nti elk\u00f6telezetts\u00e9ged v\u00e9djegye. \ud83d\udee1\ufe0f\u2728<\/span><\/li>\n<li class=\"dF3vjf\" data-sfc-root=\"c\" data-sfc-cb=\"\" data-hveid=\"CAEIDBAC\" data-complete=\"true\" data-sae=\"\"><span class=\"T286Pc\" data-sfc-cp=\"\" data-sfc-root=\"c\" data-sfc-cb=\"\" data-complete=\"true\"><strong class=\"Yjhzub\" data-sfc-root=\"c\" data-sfc-cb=\"\" data-complete=\"true\">Alakkiemel\u0151 Szab\u00e1svonal:<\/strong> A fels\u0151 diszkr\u00e9ten villantja meg a hasat, m\u00edg a szoknya magas\u00edtott dereka \u00e9s &#8222;A-vonal\u00fa&#8221; es\u00e9se t\u00f6k\u00e9letes homok\u00f3ra sziluettet var\u00e1zsol. \u23f3\ud83d\udd25<\/span><\/li>\n<li class=\"dF3vjf\" data-sfc-root=\"c\" data-sfc-cb=\"\" data-hveid=\"CAEIDBAD\" data-complete=\"true\" data-sae=\"\"><span class=\"T286Pc\" data-sfc-cp=\"\" data-sfc-root=\"c\" data-sfc-cb=\"\" data-complete=\"true\"><strong class=\"Yjhzub\" data-sfc-root=\"c\" data-sfc-cb=\"\" data-complete=\"true\">Pr\u00e9mium Komfort:<\/strong> A rugalmas \u00e9s tart\u00f3s anyag biztos\u00edtja a szabad mozg\u00e1st, \u00edgy eg\u00e9sz nap frissnek \u00e9s st\u00edlusosnak \u00e9rezheted magad. \u2601\ufe0f\u2705<\/span><\/li>\n<\/ul>\n<div class=\"Fsg96\" data-sfc-cp=\"\" data-sfc-root=\"c\" data-sfc-cb=\"\" data-complete=\"true\" data-processed=\"true\"><\/div>\n<div class=\"otQkpb\" role=\"heading\" aria-level=\"3\" data-animation-nesting=\"\" data-sfc-cp=\"\" data-sfc-root=\"c\" data-sfc-cb=\"\" data-complete=\"true\" data-processed=\"true\" data-sae=\"\">\ud83d\udc57 <strong class=\"Yjhzub\" data-sfc-root=\"c\" data-sfc-cb=\"\" data-complete=\"true\">Fashion Universum St\u00edlus Tippek:<\/strong><\/div>\n<ul class=\"KsbFXc U6u95\" data-sfc-root=\"c\" data-sfc-cb=\"\" data-processed=\"true\" data-complete=\"true\">\n<li class=\"dF3vjf\" data-sfc-root=\"c\" data-sfc-cb=\"\" data-hveid=\"CAEIDhAA\" data-complete=\"true\" data-sae=\"\"><span class=\"T286Pc\" data-sfc-cp=\"\" data-sfc-root=\"c\" data-sfc-cb=\"\" data-complete=\"true\"><strong class=\"Yjhzub\" data-sfc-root=\"c\" data-sfc-cb=\"\" data-complete=\"true\">Trendi Street Look:<\/strong> Ahogy a k\u00e9pen is l\u00e1tod, viseld magabiztosan \u00f6nmag\u00e1ban, \u00e9s eg\u00e9sz\u00edtsd ki kedvenc arany kieg\u00e9sz\u00edt\u0151iddel a luxus hat\u00e1s \u00e9rdek\u00e9ben. \ud83d\udc8d\ud83d\udda4<\/span><\/li>\n<li class=\"dF3vjf\" data-sfc-root=\"c\" data-sfc-cb=\"\" data-hveid=\"CAEIDhAB\" data-sae=\"\" data-complete=\"true\"><span class=\"T286Pc\" data-sfc-cp=\"\" data-sfc-root=\"c\" data-sfc-cb=\"\" data-complete=\"true\"><strong class=\"Yjhzub\" data-sfc-root=\"c\" data-sfc-cb=\"\" data-complete=\"true\">Sportosan Eleg\u00e1ns:<\/strong> P\u00e1ros\u00edtsd egy tiszta feh\u00e9r sneakerrel \u00e9s egy kisebb h\u00e1tizs\u00e1kkal a v\u00e1rosi kalandokhoz. \ud83d\udc5f\ud83c\udf92<\/span><\/li>\n<li class=\"dF3vjf\" data-sfc-root=\"c\" data-sfc-cb=\"\" data-hveid=\"CAEIDhAC\" data-complete=\"true\" data-processed=\"true\" data-sae=\"\"><span class=\"T286Pc\" data-sfc-cp=\"\" data-sfc-root=\"c\" data-sfc-cb=\"\" data-complete=\"true\"><strong class=\"Yjhzub\" data-sfc-root=\"c\" data-sfc-cb=\"\" data-complete=\"true\">H\u0171v\u00f6sebb Napokra:<\/strong> Dobj r\u00e1 egy r\u00f6vid fazon\u00fa farmert vagy b\u0151rdzsekit, hogy meg\u0151rizd a szett dinamikus karakter\u00e9t a h\u0171v\u00f6sebb est\u00e9ken is. \ud83e\udde5\u2728<\/span><\/li>\n<\/ul>\n<p><strong>Anyag\u00f6sszet\u00e9tel: <\/strong>100% pamut<\/p>\n<h3>Fels\u0151 m\u00e9retek<\/h3>\n<figure class=\"table\">\n<table>\n<thead>\n<tr>\n<th>M\u00e9ret<\/th>\n<th>Teljes hossz (A)<\/th>\n<th>Mellb\u0151s\u00e9g (B)<\/th>\n<\/tr>\n<\/thead>\n<tbody>\n<tr>\n<td>XS<\/td>\n<td>42 cm<\/td>\n<td>84 cm (ny\u00falik 26 cm-ig)<\/td>\n<\/tr>\n<tr>\n<td>S<\/td>\n<td>43 cm<\/td>\n<td>86 cm (ny\u00falik 26 cm-ig)<\/td>\n<\/tr>\n<tr>\n<td>M<\/td>\n<td>44 cm<\/td>\n<td>88 cm (ny\u00falik 26 cm-ig)<\/td>\n<\/tr>\n<\/tbody>\n<\/table>\n<\/figure>\n<h3>Szoknya m\u00e9retek<\/h3>\n<figure class=\"table\">\n<table>\n<thead>\n<tr>\n<th>M\u00e9ret<\/th>\n<th>Teljes hossz (C)<\/th>\n<th>Der\u00e9k (D)<\/th>\n<th>Cs\u00edp\u0151 (E)<\/th>\n<\/tr>\n<\/thead>\n<tbody>\n<tr>\n<td>XS<\/td>\n<td>36 cm<\/td>\n<td>66 cm (ny\u00falik 17 cm-ig)<\/td>\n<td>122 cm (ny\u00falik 27 cm-ig)<\/td>\n<\/tr>\n<tr>\n<td>S<\/td>\n<td>37 cm<\/td>\n<td>68 cm (ny\u00falik 17 cm-ig)<\/td>\n<td>124 cm (ny\u00falik 27 cm-ig)<\/td>\n<\/tr>\n<tr>\n<td>M<\/td>\n<td>38 cm<\/td>\n<td>70 cm (ny\u00falik 17 cm-ig)<\/td>\n<td>126 cm (ny\u00falik 27 cm-ig)<\/td>\n<\/tr>\n<\/tbody>\n<\/table>\n<\/figure>\n<p><i>A ruhadarabok lapra fektetve ker\u00fcltek m\u00e9r\u00e9sre, ez\u00e9rt az adatok \u00b12 cm-rel elt\u00e9rhetnek.<\/i><\/p>\n","protected":false},"excerpt":{"rendered":"<p>\u2728 OLAVOGA FARI szett \u2013 A SPORTOS SIKK \u00c9S A N\u0150IES DINAMIZMUS TAL\u00c1LKOZ\u00c1SA \u2728 Dobd fel a ruhat\u00e1radat az OLAVOGA FARI k\u00e9tr\u00e9szes szettel, amely a &hellip; <\/p>\n","protected":false},"featured_media":4152,"template":"","meta":[],"product_brand":[78],"product_cat":[19,28,25,26],"product_tag":[],"class_list":{"0":"post-4151","1":"product","2":"type-product","3":"status-publish","4":"has-post-thumbnail","6":"product_brand-olavoga","7":"product_cat-markak","8":"product_cat-olavoga","9":"product_cat-noi-ruhazat-hu","10":"product_cat-szettek","12":"first","13":"instock","14":"shipping-taxable","15":"purchasable","16":"product-type-variable"},"yoast_head":"<!-- This site is optimized with the Yoast SEO plugin v26.7 - https:\/\/yoast.com\/wordpress\/plugins\/seo\/ -->\n<title>OLAVOGA FARI szett \u2013 Fashion Universum \u2728<\/title>\n<meta name=\"description\" content=\"OLAVOGA FARI szett a Fashion Universumt\u00f3l! \u2728 K\u00e9tr\u00e9szes crop fels\u0151 \u00e9s szoknya p\u00e1ros\u00edt\u00e1s, ikonikus log\u00f3z\u00e1ssal a st\u00edlusos \u00e9s d\u00f6g\u00f6s megjelen\u00e9s\u00e9rt. \ud83d\udc8e\ud83d\udd25\" \/>\n<meta name=\"robots\" content=\"index, follow, max-snippet:-1, max-image-preview:large, max-video-preview:-1\" \/>\n<link rel=\"canonical\" href=\"https:\/\/fashionuniversum.com\/?product=olavoga-fari-szett\" \/>\n<meta property=\"og:locale\" content=\"hu_HU\" \/>\n<meta property=\"og:type\" content=\"article\" \/>\n<meta property=\"og:title\" content=\"OLAVOGA FARI szett \u2013 Fashion Universum \u2728\" \/>\n<meta property=\"og:description\" content=\"OLAVOGA FARI szett a Fashion Universumt\u00f3l! \u2728 K\u00e9tr\u00e9szes crop fels\u0151 \u00e9s szoknya p\u00e1ros\u00edt\u00e1s, ikonikus log\u00f3z\u00e1ssal a st\u00edlusos \u00e9s d\u00f6g\u00f6s megjelen\u00e9s\u00e9rt. \ud83d\udc8e\ud83d\udd25\" \/>\n<meta property=\"og:url\" content=\"https:\/\/fashionuniversum.com\/?product=olavoga-fari-szett\" \/>\n<meta property=\"og:site_name\" content=\"Fashion Universum\" \/>\n<meta property=\"og:image\" content=\"https:\/\/fashionuniversum.com\/wp-content\/uploads\/2026\/04\/komplet-FARI-244-scaled.jpg\" \/>\n\t<meta property=\"og:image:width\" content=\"1920\" \/>\n\t<meta property=\"og:image:height\" content=\"2560\" \/>\n\t<meta property=\"og:image:type\" content=\"image\/jpeg\" \/>\n<meta name=\"twitter:card\" content=\"summary_large_image\" \/>\n<meta name=\"twitter:label1\" content=\"Becs\u00fclt olvas\u00e1si id\u0151\" \/>\n\t<meta name=\"twitter:data1\" content=\"2 perc\" \/>\n<script type=\"application\/ld+json\" class=\"yoast-schema-graph\">{\"@context\":\"https:\/\/schema.org\",\"@graph\":[{\"@type\":\"WebPage\",\"@id\":\"https:\/\/fashionuniversum.com\/?product=olavoga-fari-szett\",\"url\":\"https:\/\/fashionuniversum.com\/?product=olavoga-fari-szett\",\"name\":\"OLAVOGA FARI szett \u2013 Fashion Universum \u2728\",\"isPartOf\":{\"@id\":\"https:\/\/fashionuniversum.com\/#website\"},\"primaryImageOfPage\":{\"@id\":\"https:\/\/fashionuniversum.com\/?product=olavoga-fari-szett#primaryimage\"},\"image\":{\"@id\":\"https:\/\/fashionuniversum.com\/?product=olavoga-fari-szett#primaryimage\"},\"thumbnailUrl\":\"https:\/\/fashionuniversum.com\/wp-content\/uploads\/2026\/04\/komplet-FARI-244-scaled.jpg\",\"datePublished\":\"2026-04-09T19:48:32+00:00\",\"description\":\"OLAVOGA FARI szett a Fashion Universumt\u00f3l! \u2728 K\u00e9tr\u00e9szes crop fels\u0151 \u00e9s szoknya p\u00e1ros\u00edt\u00e1s, ikonikus log\u00f3z\u00e1ssal a st\u00edlusos \u00e9s d\u00f6g\u00f6s megjelen\u00e9s\u00e9rt. \ud83d\udc8e\ud83d\udd25\",\"breadcrumb\":{\"@id\":\"https:\/\/fashionuniversum.com\/?product=olavoga-fari-szett#breadcrumb\"},\"inLanguage\":\"hu\",\"potentialAction\":[{\"@type\":\"ReadAction\",\"target\":[\"https:\/\/fashionuniversum.com\/?product=olavoga-fari-szett\"]}]},{\"@type\":\"ImageObject\",\"inLanguage\":\"hu\",\"@id\":\"https:\/\/fashionuniversum.com\/?product=olavoga-fari-szett#primaryimage\",\"url\":\"https:\/\/fashionuniversum.com\/wp-content\/uploads\/2026\/04\/komplet-FARI-244-scaled.jpg\",\"contentUrl\":\"https:\/\/fashionuniversum.com\/wp-content\/uploads\/2026\/04\/komplet-FARI-244-scaled.jpg\",\"width\":1920,\"height\":2560,\"caption\":\"OLAVOGA FARI szett\"},{\"@type\":\"BreadcrumbList\",\"@id\":\"https:\/\/fashionuniversum.com\/?product=olavoga-fari-szett#breadcrumb\",\"itemListElement\":[{\"@type\":\"ListItem\",\"position\":1,\"name\":\"Kezd\u0151lap\",\"item\":\"https:\/\/fashionuniversum.com\/\"},{\"@type\":\"ListItem\",\"position\":2,\"name\":\"Kezd\u0151lap\",\"item\":\"https:\/\/fashionuniversum.com\/\"},{\"@type\":\"ListItem\",\"position\":3,\"name\":\"OLAVOGA FARI szett\"}]},{\"@type\":\"WebSite\",\"@id\":\"https:\/\/fashionuniversum.com\/#website\",\"url\":\"https:\/\/fashionuniversum.com\/\",\"name\":\"Fashion Universum\",\"description\":\"\",\"publisher\":{\"@id\":\"https:\/\/fashionuniversum.com\/#organization\"},\"potentialAction\":[{\"@type\":\"SearchAction\",\"target\":{\"@type\":\"EntryPoint\",\"urlTemplate\":\"https:\/\/fashionuniversum.com\/?s={search_term_string}\"},\"query-input\":{\"@type\":\"PropertyValueSpecification\",\"valueRequired\":true,\"valueName\":\"search_term_string\"}}],\"inLanguage\":\"hu\"},{\"@type\":\"Organization\",\"@id\":\"https:\/\/fashionuniversum.com\/#organization\",\"name\":\"Fashion Universum\",\"url\":\"https:\/\/fashionuniversum.com\/\",\"logo\":{\"@type\":\"ImageObject\",\"inLanguage\":\"hu\",\"@id\":\"https:\/\/fashionuniversum.com\/#\/schema\/logo\/image\/\",\"url\":\"https:\/\/fashionuniversum.com\/wp-content\/uploads\/2026\/02\/cropped-cropped-imaaage.jpg\",\"contentUrl\":\"https:\/\/fashionuniversum.com\/wp-content\/uploads\/2026\/02\/cropped-cropped-imaaage.jpg\",\"width\":1389,\"height\":285,\"caption\":\"Fashion Universum\"},\"image\":{\"@id\":\"https:\/\/fashionuniversum.com\/#\/schema\/logo\/image\/\"}}]}<\/script>\n<!-- \/ Yoast SEO plugin. -->","yoast_head_json":{"title":"OLAVOGA FARI szett \u2013 Fashion Universum \u2728","description":"OLAVOGA FARI szett a Fashion Universumt\u00f3l! \u2728 K\u00e9tr\u00e9szes crop fels\u0151 \u00e9s szoknya p\u00e1ros\u00edt\u00e1s, ikonikus log\u00f3z\u00e1ssal a st\u00edlusos \u00e9s d\u00f6g\u00f6s megjelen\u00e9s\u00e9rt. \ud83d\udc8e\ud83d\udd25","robots":{"index":"index","follow":"follow","max-snippet":"max-snippet:-1","max-image-preview":"max-image-preview:large","max-video-preview":"max-video-preview:-1"},"canonical":"https:\/\/fashionuniversum.com\/?product=olavoga-fari-szett","og_locale":"hu_HU","og_type":"article","og_title":"OLAVOGA FARI szett \u2013 Fashion Universum \u2728","og_description":"OLAVOGA FARI szett a Fashion Universumt\u00f3l! \u2728 K\u00e9tr\u00e9szes crop fels\u0151 \u00e9s szoknya p\u00e1ros\u00edt\u00e1s, ikonikus log\u00f3z\u00e1ssal a st\u00edlusos \u00e9s d\u00f6g\u00f6s megjelen\u00e9s\u00e9rt. \ud83d\udc8e\ud83d\udd25","og_url":"https:\/\/fashionuniversum.com\/?product=olavoga-fari-szett","og_site_name":"Fashion Universum","og_image":[{"width":1920,"height":2560,"url":"https:\/\/fashionuniversum.com\/wp-content\/uploads\/2026\/04\/komplet-FARI-244-scaled.jpg","type":"image\/jpeg"}],"twitter_card":"summary_large_image","twitter_misc":{"Becs\u00fclt olvas\u00e1si id\u0151":"2 perc"},"schema":{"@context":"https:\/\/schema.org","@graph":[{"@type":"WebPage","@id":"https:\/\/fashionuniversum.com\/?product=olavoga-fari-szett","url":"https:\/\/fashionuniversum.com\/?product=olavoga-fari-szett","name":"OLAVOGA FARI szett \u2013 Fashion Universum \u2728","isPartOf":{"@id":"https:\/\/fashionuniversum.com\/#website"},"primaryImageOfPage":{"@id":"https:\/\/fashionuniversum.com\/?product=olavoga-fari-szett#primaryimage"},"image":{"@id":"https:\/\/fashionuniversum.com\/?product=olavoga-fari-szett#primaryimage"},"thumbnailUrl":"https:\/\/fashionuniversum.com\/wp-content\/uploads\/2026\/04\/komplet-FARI-244-scaled.jpg","datePublished":"2026-04-09T19:48:32+00:00","description":"OLAVOGA FARI szett a Fashion Universumt\u00f3l! \u2728 K\u00e9tr\u00e9szes crop fels\u0151 \u00e9s szoknya p\u00e1ros\u00edt\u00e1s, ikonikus log\u00f3z\u00e1ssal a st\u00edlusos \u00e9s d\u00f6g\u00f6s megjelen\u00e9s\u00e9rt. \ud83d\udc8e\ud83d\udd25","breadcrumb":{"@id":"https:\/\/fashionuniversum.com\/?product=olavoga-fari-szett#breadcrumb"},"inLanguage":"hu","potentialAction":[{"@type":"ReadAction","target":["https:\/\/fashionuniversum.com\/?product=olavoga-fari-szett"]}]},{"@type":"ImageObject","inLanguage":"hu","@id":"https:\/\/fashionuniversum.com\/?product=olavoga-fari-szett#primaryimage","url":"https:\/\/fashionuniversum.com\/wp-content\/uploads\/2026\/04\/komplet-FARI-244-scaled.jpg","contentUrl":"https:\/\/fashionuniversum.com\/wp-content\/uploads\/2026\/04\/komplet-FARI-244-scaled.jpg","width":1920,"height":2560,"caption":"OLAVOGA FARI szett"},{"@type":"BreadcrumbList","@id":"https:\/\/fashionuniversum.com\/?product=olavoga-fari-szett#breadcrumb","itemListElement":[{"@type":"ListItem","position":1,"name":"Kezd\u0151lap","item":"https:\/\/fashionuniversum.com\/"},{"@type":"ListItem","position":2,"name":"Kezd\u0151lap","item":"https:\/\/fashionuniversum.com\/"},{"@type":"ListItem","position":3,"name":"OLAVOGA FARI szett"}]},{"@type":"WebSite","@id":"https:\/\/fashionuniversum.com\/#website","url":"https:\/\/fashionuniversum.com\/","name":"Fashion Universum","description":"","publisher":{"@id":"https:\/\/fashionuniversum.com\/#organization"},"potentialAction":[{"@type":"SearchAction","target":{"@type":"EntryPoint","urlTemplate":"https:\/\/fashionuniversum.com\/?s={search_term_string}"},"query-input":{"@type":"PropertyValueSpecification","valueRequired":true,"valueName":"search_term_string"}}],"inLanguage":"hu"},{"@type":"Organization","@id":"https:\/\/fashionuniversum.com\/#organization","name":"Fashion Universum","url":"https:\/\/fashionuniversum.com\/","logo":{"@type":"ImageObject","inLanguage":"hu","@id":"https:\/\/fashionuniversum.com\/#\/schema\/logo\/image\/","url":"https:\/\/fashionuniversum.com\/wp-content\/uploads\/2026\/02\/cropped-cropped-imaaage.jpg","contentUrl":"https:\/\/fashionuniversum.com\/wp-content\/uploads\/2026\/02\/cropped-cropped-imaaage.jpg","width":1389,"height":285,"caption":"Fashion Universum"},"image":{"@id":"https:\/\/fashionuniversum.com\/#\/schema\/logo\/image\/"}}]}},"_links":{"self":[{"href":"https:\/\/fashionuniversum.com\/index.php?rest_route=\/wp\/v2\/product\/4151","targetHints":{"allow":["GET"]}}],"collection":[{"href":"https:\/\/fashionuniversum.com\/index.php?rest_route=\/wp\/v2\/product"}],"about":[{"href":"https:\/\/fashionuniversum.com\/index.php?rest_route=\/wp\/v2\/types\/product"}],"wp:featuredmedia":[{"embeddable":true,"href":"https:\/\/fashionuniversum.com\/index.php?rest_route=\/wp\/v2\/media\/4152"}],"wp:attachment":[{"href":"https:\/\/fashionuniversum.com\/index.php?rest_route=%2Fwp%2Fv2%2Fmedia&parent=4151"}],"wp:term":[{"taxonomy":"product_brand","embeddable":true,"href":"https:\/\/fashionuniversum.com\/index.php?rest_route=%2Fwp%2Fv2%2Fproduct_brand&post=4151"},{"taxonomy":"product_cat","embeddable":true,"href":"https:\/\/fashionuniversum.com\/index.php?rest_route=%2Fwp%2Fv2%2Fproduct_cat&post=4151"},{"taxonomy":"product_tag","embeddable":true,"href":"https:\/\/fashionuniversum.com\/index.php?rest_route=%2Fwp%2Fv2%2Fproduct_tag&post=4151"}],"curies":[{"name":"wp","href":"https:\/\/api.w.org\/{rel}","templated":true}]}}