{"id":2295,"date":"2026-01-22T14:12:36","date_gmt":"2026-01-22T14:12:36","guid":{"rendered":"https:\/\/fashionuniversum.com\/?post_type=product&#038;p=2295"},"modified":"2026-03-30T09:39:03","modified_gmt":"2026-03-30T09:39:03","slug":"olavoga-handies-szett-2","status":"publish","type":"product","link":"https:\/\/fashionuniversum.com\/?product=olavoga-handies-szett-2","title":{"rendered":"OLAVOGA HANDIES szett"},"content":{"rendered":"<blockquote>\n<div class=\"otQkpb\" role=\"heading\" aria-level=\"3\" data-animation-nesting=\"\" data-sfc-cp=\"\" data-sfc-root=\"c\" data-sfc-cb=\"\" data-complete=\"true\" data-processed=\"true\" data-sae=\"\"><strong>\u2728 OLAVOGA HANDIES szett \u2013 A K\u00c9NYELEM \u00c9S A LUXUS \u00daJ DIMENZI\u00d3JA \u2728<\/strong><\/div>\n<div role=\"heading\" aria-level=\"3\" data-animation-nesting=\"\" data-sfc-cp=\"\" data-sfc-root=\"c\" data-sfc-cb=\"\" data-complete=\"true\" data-processed=\"true\" data-sae=\"\"><\/div>\n<div class=\"Y3BBE\" data-sfc-cp=\"\" data-sfc-root=\"c\" data-sfc-cb=\"\" data-hveid=\"CAEIBRAA\" data-complete=\"true\" data-processed=\"true\">Emeld \u00faj szintre a h\u00e9tk\u00f6znapi szettjeidet az <strong class=\"Yjhzub\" data-sfc-root=\"c\" data-sfc-cb=\"\" data-complete=\"true\" data-processed=\"true\">OLAVOGA HANDIES<\/strong> szettel! \ud83d\udc8e Ez a darab a Fashion Universum k\u00edn\u00e1lat\u00e1nak egyik legkeresettebb modellje, amely mesterien \u00f6tv\u00f6zi a lezser k\u00e9nyelmet a hamis\u00edtatlan pr\u00e9mium kisug\u00e1rz\u00e1ssal. \ud83d\udc51<\/div>\n<div class=\"Y3BBE\" data-sfc-cp=\"\" data-sfc-root=\"c\" data-sfc-cb=\"\" data-hveid=\"CAEIBhAA\" data-complete=\"true\" data-processed=\"true\"><strong class=\"Yjhzub\" data-sfc-root=\"c\" data-sfc-cb=\"\" data-complete=\"true\" data-processed=\"true\">Mi\u00e9rt fogod im\u00e1dni az OLAVOGA HANDIES szettet?<\/strong><\/div>\n<ul class=\"KsbFXc U6u95\" data-sfc-root=\"c\" data-sfc-cb=\"\" data-complete=\"true\" data-processed=\"true\">\n<li class=\"dF3vjf\" data-sfc-root=\"c\" data-sfc-cb=\"\" data-hveid=\"CAEIBxAA\" data-complete=\"true\" data-sae=\"\"><span class=\"T286Pc\" data-sfc-cp=\"\" data-sfc-root=\"c\" data-sfc-cb=\"\" data-complete=\"true\"><strong class=\"Yjhzub\" data-sfc-root=\"c\" data-sfc-cb=\"\" data-complete=\"true\">Ikonikus Branding:<\/strong> A fels\u0151r\u00e9szen \u00e9s a nadr\u00e1gon elhelyezett hangs\u00falyos, h\u00edmzett <strong class=\"Yjhzub\" data-sfc-root=\"c\" data-sfc-cb=\"\" data-complete=\"true\">OLAVOGA feliratok<\/strong> \u00e9s log\u00f3z\u00e1sok azonnal egy\u00e9rtelm\u0171v\u00e9 teszik: te nem \u00e9red be kevesebbel a pr\u00e9miumn\u00e1l. \u2705\u2728<\/span><\/li>\n<li class=\"dF3vjf\" data-sfc-root=\"c\" data-sfc-cb=\"\" data-hveid=\"CAEIBxAB\" data-complete=\"true\" data-sae=\"\"><span class=\"T286Pc\" data-sfc-cp=\"\" data-sfc-root=\"c\" data-sfc-cb=\"\" data-complete=\"true\"><strong class=\"Yjhzub\" data-sfc-root=\"c\" data-sfc-cb=\"\" data-complete=\"true\">T\u00f6k\u00e9letes\u00edtett Komfort:<\/strong> A szett egy st\u00edlusos, bord\u00e1zott passz\u00e9kkal ell\u00e1tott fels\u0151b\u0151l \u00e9s egy k\u00e9nyelmes, gum\u00edrozott derek\u00fa nadr\u00e1gb\u00f3l \u00e1ll, ami eg\u00e9sz napos magabiztoss\u00e1got \u00e9s szabads\u00e1got ad. \ud83d\udc57\ud83d\udd25<\/span><\/li>\n<li class=\"dF3vjf\" data-sfc-root=\"c\" data-sfc-cb=\"\" data-hveid=\"CAEIBxAC\" data-complete=\"true\" data-sae=\"\"><span class=\"T286Pc\" data-sfc-cp=\"\" data-sfc-root=\"c\" data-sfc-cb=\"\" data-complete=\"true\"><strong class=\"Yjhzub\" data-sfc-root=\"c\" data-sfc-cb=\"\" data-complete=\"true\">Extra Puha Tapint\u00e1s:<\/strong> A magas min\u0151s\u00e9g\u0171, rugalmas pamutkever\u00e9k anyag simogatja a b\u0151rt, tart\u00f3s viseletet biztos\u00edt, \u00e9s m\u00e9g sokadik mos\u00e1s ut\u00e1n is meg\u0151rzi eredeti form\u00e1j\u00e1t. \u2601\ufe0f\ud83d\udee1\ufe0f<\/span><\/li>\n<li class=\"dF3vjf\" data-sfc-root=\"c\" data-sfc-cb=\"\" data-hveid=\"CAEIBxAD\" data-complete=\"true\" data-sae=\"\"><span class=\"T286Pc\" data-sfc-cp=\"\" data-sfc-root=\"c\" data-sfc-cb=\"\" data-complete=\"true\"><strong class=\"Yjhzub\" data-sfc-root=\"c\" data-sfc-cb=\"\" data-complete=\"true\">Karakteres R\u00e9szletek:<\/strong> A zsebek elhelyezked\u00e9se \u00e9s a prec\u00edz d\u00edszt\u0171z\u00e9sek adj\u00e1k meg azt a pluszt, amit\u0151l ez nem csak egy meleg\u00edt\u0151, hanem egy val\u00f3di <strong class=\"Yjhzub\" data-sfc-root=\"c\" data-sfc-cb=\"\" data-complete=\"true\">fashion statement<\/strong>. \ud83d\udee1\ufe0f\u2728<\/span><\/li>\n<\/ul>\n<div class=\"Y3BBE\" data-sfc-cp=\"\" data-sfc-root=\"c\" data-sfc-cb=\"\" data-hveid=\"CAEICBAA\" data-processed=\"true\" data-complete=\"true\">\ud83d\udc57 <strong class=\"Yjhzub\" data-sfc-root=\"c\" data-sfc-cb=\"\" data-complete=\"true\" data-processed=\"true\">Fashion Universum St\u00edlus Tippek:<\/strong><\/div>\n<ul class=\"KsbFXc U6u95\" data-sfc-root=\"c\" data-sfc-cb=\"\" data-complete=\"true\" data-processed=\"true\">\n<li class=\"dF3vjf\" data-sfc-root=\"c\" data-sfc-cb=\"\" data-hveid=\"CAEICRAA\" data-complete=\"true\" data-sae=\"\"><span class=\"T286Pc\" data-sfc-cp=\"\" data-sfc-root=\"c\" data-sfc-cb=\"\" data-complete=\"true\"><strong class=\"Yjhzub\" data-sfc-root=\"c\" data-sfc-cb=\"\" data-complete=\"true\">Street Style Queen:<\/strong> Viseld egy vastag talp\u00fa feh\u00e9r sneakerrel \u00e9s egy baseball sapk\u00e1val a t\u00f6k\u00e9letes &#8222;off-duty&#8221; modell megjelen\u00e9s\u00e9rt. \ud83d\udc5f\ud83e\udde2<\/span><\/li>\n<li class=\"dF3vjf\" data-sfc-root=\"c\" data-sfc-cb=\"\" data-hveid=\"CAEICRAB\" data-complete=\"true\" data-sae=\"\"><span class=\"T286Pc\" data-sfc-cp=\"\" data-sfc-root=\"c\" data-sfc-cb=\"\" data-complete=\"true\"><strong class=\"Yjhzub\" data-sfc-root=\"c\" data-sfc-cb=\"\" data-complete=\"true\">Airport Look:<\/strong> Ez a szett a legjobb bar\u00e1tod lesz utaz\u00e1skor \u2013 k\u00e9nyelmes a rep\u00fcl\u0151n, de st\u00edlusos maradsz benne akkor is, ha landol\u00e1s ut\u00e1n r\u00f6gt\u00f6n indul a program. \u2708\ufe0f\ud83c\udf0d<\/span><\/li>\n<li class=\"dF3vjf\" data-sfc-root=\"c\" data-sfc-cb=\"\" data-hveid=\"CAEICRAC\" data-complete=\"true\" data-sae=\"\"><span class=\"T286Pc\" data-sfc-cp=\"\" data-sfc-root=\"c\" data-sfc-cb=\"\" data-complete=\"true\"><strong class=\"Yjhzub\" data-sfc-root=\"c\" data-sfc-cb=\"\" data-complete=\"true\">Glamour Twist:<\/strong> H\u0171v\u00f6sebb id\u0151ben dobj r\u00e1 egy f\u00e9nyes fel\u00fclet\u0171 pufidzsekit vagy egy hossz\u00fa sz\u00f6vetkab\u00e1tot a kontrasztos, luxus hat\u00e1s \u00e9rdek\u00e9ben. \ud83e\udde5\ud83d\udc8e<\/span><\/li>\n<\/ul>\n<div class=\"Y3BBE\" data-sfc-cp=\"\" data-sfc-root=\"c\" data-sfc-cb=\"\" data-hveid=\"CAEIChAA\" data-complete=\"true\" data-processed=\"true\"><strong class=\"Yjhzub\" data-sfc-root=\"c\" data-sfc-cb=\"\" data-complete=\"true\" data-processed=\"true\">\u00c9rezd a magabiztoss\u00e1got \u00e9s a pr\u00e9mium min\u0151s\u00e9get minden nap a Fashion Universum-mal! \ud83d\udc96\u2728<\/strong><\/div>\n<p><strong>\u00d6sszet\u00e9tel:<\/strong> 92% poli\u00e9szter, 8% elaszt\u00e1n<br \/>\n<strong>El\u00e9rhet\u0151 m\u00e9retek:<\/strong> S, M<br \/>\n<strong>M\u00e9rett\u00e1bl\u00e1zat \u2013 Fels\u0151 (cm)<\/strong> <i>(fektetve m\u00e9rve)<\/i><\/p>\n<figure class=\"table\">\n<table>\n<thead>\n<tr>\n<th>M\u00e9ret<\/th>\n<th>Teljes hossz<\/th>\n<th>Mellb\u0151s\u00e9g (az anyag ak\u00e1r +40 cm-t is enged)<\/th>\n<th>K\u00fcls\u0151 ujjhossz<\/th>\n<th>Bels\u0151 ujjhossz<\/th>\n<\/tr>\n<\/thead>\n<tbody>\n<tr>\n<td>S<\/td>\n<td>54 cm<\/td>\n<td>120 cm<\/td>\n<td>52 cm<\/td>\n<td>46 cm<\/td>\n<\/tr>\n<tr>\n<td>M<\/td>\n<td>55 cm<\/td>\n<td>122 cm<\/td>\n<td>53 cm<\/td>\n<td>47 cm<\/td>\n<\/tr>\n<\/tbody>\n<\/table>\n<\/figure>\n<h3><strong>M\u00e9rett\u00e1bl\u00e1zat \u2013 Nadr\u00e1g (cm)<\/strong><i>(fektetve m\u00e9rve)<\/i><\/h3>\n<figure class=\"table\">\n<table>\n<thead>\n<tr>\n<th>M\u00e9ret<\/th>\n<th>Teljes hossz<\/th>\n<th>K\u00fcls\u0151 sz\u00e1rhossz<\/th>\n<th>Bels\u0151 sz\u00e1rhossz<\/th>\n<th>\u00dcl\u0151magass\u00e1g<\/th>\n<th>Der\u00e9kb\u0151s\u00e9g (ny\u00falik +30 cm)<\/th>\n<th>Cs\u00edp\u0151b\u0151s\u00e9g (ny\u00falik +40 cm)<\/th>\n<\/tr>\n<\/thead>\n<tbody>\n<tr>\n<td>S<\/td>\n<td>102 cm<\/td>\n<td>98 cm<\/td>\n<td>75 cm<\/td>\n<td>30 cm<\/td>\n<td>60 cm<\/td>\n<td>90 cm<\/td>\n<\/tr>\n<tr>\n<td>M<\/td>\n<td>103 cm<\/td>\n<td>99 cm<\/td>\n<td>76 cm<\/td>\n<td>31 cm<\/td>\n<td>62 cm<\/td>\n<td>92 cm<\/td>\n<\/tr>\n<\/tbody>\n<\/table>\n<\/figure>\n<p><i>A ruhadarabokat fektetve m\u00e9rik, \u00edgy a m\u00e9retek \u00b12 cm-rel elt\u00e9rhetnek.<\/i><\/p><\/blockquote>\n","protected":false},"excerpt":{"rendered":"<p>\u2728 OLAVOGA HANDIES szett \u2013 A K\u00c9NYELEM \u00c9S A LUXUS \u00daJ DIMENZI\u00d3JA \u2728 Emeld \u00faj szintre a h\u00e9tk\u00f6znapi szettjeidet az OLAVOGA HANDIES szettel! \ud83d\udc8e Ez &hellip; <\/p>\n","protected":false},"featured_media":2320,"template":"","meta":[],"product_brand":[78],"product_cat":[16,19,28,25,26],"product_tag":[],"class_list":{"0":"post-2295","1":"product","2":"type-product","3":"status-publish","4":"has-post-thumbnail","6":"product_brand-olavoga","7":"product_cat-akcios-termekek","8":"product_cat-markak","9":"product_cat-olavoga","10":"product_cat-noi-ruhazat-hu","11":"product_cat-szettek","13":"first","14":"instock","15":"sale","16":"shipping-taxable","17":"purchasable","18":"product-type-variable"},"yoast_head":"<!-- This site is optimized with the Yoast SEO plugin v26.7 - https:\/\/yoast.com\/wordpress\/plugins\/seo\/ -->\n<title>OLAVOGA HANDIES szett \u2013 Pr\u00e9mium St\u00edlus &amp; K\u00e9nyelem \ud83d\udc8e<\/title>\n<meta name=\"description\" content=\"OLAVOGA HANDIES szett akci\u00f3s \u00e1ron! \ud83d\udd25 Ne maradj le a Fashion Universum legst\u00edlusosabb darabj\u00e1r\u00f3l. Gyors sz\u00e1ll\u00edt\u00e1s, pr\u00e9mium luxus, im\u00e1dni fogod! \ud83d\udecd\ufe0f\u2728\" \/>\n<meta name=\"robots\" content=\"index, follow, max-snippet:-1, max-image-preview:large, max-video-preview:-1\" \/>\n<link rel=\"canonical\" href=\"https:\/\/fashionuniversum.com\/?product=olavoga-handies-szett-2\" \/>\n<meta property=\"og:locale\" content=\"hu_HU\" \/>\n<meta property=\"og:type\" content=\"article\" \/>\n<meta property=\"og:title\" content=\"OLAVOGA HANDIES szett \u2013 Pr\u00e9mium St\u00edlus &amp; K\u00e9nyelem \ud83d\udc8e\" \/>\n<meta property=\"og:description\" content=\"OLAVOGA HANDIES szett akci\u00f3s \u00e1ron! \ud83d\udd25 Ne maradj le a Fashion Universum legst\u00edlusosabb darabj\u00e1r\u00f3l. Gyors sz\u00e1ll\u00edt\u00e1s, pr\u00e9mium luxus, im\u00e1dni fogod! \ud83d\udecd\ufe0f\u2728\" \/>\n<meta property=\"og:url\" content=\"https:\/\/fashionuniversum.com\/?product=olavoga-handies-szett-2\" \/>\n<meta property=\"og:site_name\" content=\"Fashion Universum\" \/>\n<meta property=\"article:modified_time\" content=\"2026-03-30T09:39:03+00:00\" \/>\n<meta property=\"og:image\" content=\"https:\/\/fashionuniversum.com\/wp-content\/uploads\/2026\/01\/komplet-HANDIES-179-1.jpeg\" \/>\n\t<meta property=\"og:image:width\" content=\"1400\" \/>\n\t<meta property=\"og:image:height\" content=\"1867\" \/>\n\t<meta property=\"og:image:type\" content=\"image\/jpeg\" \/>\n<meta name=\"twitter:card\" content=\"summary_large_image\" \/>\n<meta name=\"twitter:label1\" content=\"Becs\u00fclt olvas\u00e1si id\u0151\" \/>\n\t<meta name=\"twitter:data1\" content=\"1 perc\" \/>\n<script type=\"application\/ld+json\" class=\"yoast-schema-graph\">{\"@context\":\"https:\/\/schema.org\",\"@graph\":[{\"@type\":\"WebPage\",\"@id\":\"https:\/\/fashionuniversum.com\/?product=olavoga-handies-szett-2\",\"url\":\"https:\/\/fashionuniversum.com\/?product=olavoga-handies-szett-2\",\"name\":\"OLAVOGA HANDIES szett \u2013 Pr\u00e9mium St\u00edlus & K\u00e9nyelem \ud83d\udc8e\",\"isPartOf\":{\"@id\":\"https:\/\/fashionuniversum.com\/#website\"},\"primaryImageOfPage\":{\"@id\":\"https:\/\/fashionuniversum.com\/?product=olavoga-handies-szett-2#primaryimage\"},\"image\":{\"@id\":\"https:\/\/fashionuniversum.com\/?product=olavoga-handies-szett-2#primaryimage\"},\"thumbnailUrl\":\"https:\/\/fashionuniversum.com\/wp-content\/uploads\/2026\/01\/komplet-HANDIES-179-1.jpeg\",\"datePublished\":\"2026-01-22T14:12:36+00:00\",\"dateModified\":\"2026-03-30T09:39:03+00:00\",\"description\":\"OLAVOGA HANDIES szett akci\u00f3s \u00e1ron! \ud83d\udd25 Ne maradj le a Fashion Universum legst\u00edlusosabb darabj\u00e1r\u00f3l. Gyors sz\u00e1ll\u00edt\u00e1s, pr\u00e9mium luxus, im\u00e1dni fogod! \ud83d\udecd\ufe0f\u2728\",\"breadcrumb\":{\"@id\":\"https:\/\/fashionuniversum.com\/?product=olavoga-handies-szett-2#breadcrumb\"},\"inLanguage\":\"hu\",\"potentialAction\":[{\"@type\":\"ReadAction\",\"target\":[\"https:\/\/fashionuniversum.com\/?product=olavoga-handies-szett-2\"]}]},{\"@type\":\"ImageObject\",\"inLanguage\":\"hu\",\"@id\":\"https:\/\/fashionuniversum.com\/?product=olavoga-handies-szett-2#primaryimage\",\"url\":\"https:\/\/fashionuniversum.com\/wp-content\/uploads\/2026\/01\/komplet-HANDIES-179-1.jpeg\",\"contentUrl\":\"https:\/\/fashionuniversum.com\/wp-content\/uploads\/2026\/01\/komplet-HANDIES-179-1.jpeg\",\"width\":1400,\"height\":1867,\"caption\":\"OLAVOGA HANDIES szett\"},{\"@type\":\"BreadcrumbList\",\"@id\":\"https:\/\/fashionuniversum.com\/?product=olavoga-handies-szett-2#breadcrumb\",\"itemListElement\":[{\"@type\":\"ListItem\",\"position\":1,\"name\":\"Kezd\u0151lap\",\"item\":\"https:\/\/fashionuniversum.com\/\"},{\"@type\":\"ListItem\",\"position\":2,\"name\":\"Kezd\u0151lap\",\"item\":\"https:\/\/fashionuniversum.com\/\"},{\"@type\":\"ListItem\",\"position\":3,\"name\":\"OLAVOGA HANDIES szett\"}]},{\"@type\":\"WebSite\",\"@id\":\"https:\/\/fashionuniversum.com\/#website\",\"url\":\"https:\/\/fashionuniversum.com\/\",\"name\":\"Fashion Universum\",\"description\":\"\",\"publisher\":{\"@id\":\"https:\/\/fashionuniversum.com\/#organization\"},\"potentialAction\":[{\"@type\":\"SearchAction\",\"target\":{\"@type\":\"EntryPoint\",\"urlTemplate\":\"https:\/\/fashionuniversum.com\/?s={search_term_string}\"},\"query-input\":{\"@type\":\"PropertyValueSpecification\",\"valueRequired\":true,\"valueName\":\"search_term_string\"}}],\"inLanguage\":\"hu\"},{\"@type\":\"Organization\",\"@id\":\"https:\/\/fashionuniversum.com\/#organization\",\"name\":\"Fashion Universum\",\"url\":\"https:\/\/fashionuniversum.com\/\",\"logo\":{\"@type\":\"ImageObject\",\"inLanguage\":\"hu\",\"@id\":\"https:\/\/fashionuniversum.com\/#\/schema\/logo\/image\/\",\"url\":\"https:\/\/fashionuniversum.com\/wp-content\/uploads\/2026\/02\/cropped-cropped-imaaage.jpg\",\"contentUrl\":\"https:\/\/fashionuniversum.com\/wp-content\/uploads\/2026\/02\/cropped-cropped-imaaage.jpg\",\"width\":1389,\"height\":285,\"caption\":\"Fashion Universum\"},\"image\":{\"@id\":\"https:\/\/fashionuniversum.com\/#\/schema\/logo\/image\/\"}}]}<\/script>\n<!-- \/ Yoast SEO plugin. -->","yoast_head_json":{"title":"OLAVOGA HANDIES szett \u2013 Pr\u00e9mium St\u00edlus & K\u00e9nyelem \ud83d\udc8e","description":"OLAVOGA HANDIES szett akci\u00f3s \u00e1ron! \ud83d\udd25 Ne maradj le a Fashion Universum legst\u00edlusosabb darabj\u00e1r\u00f3l. Gyors sz\u00e1ll\u00edt\u00e1s, pr\u00e9mium luxus, im\u00e1dni fogod! \ud83d\udecd\ufe0f\u2728","robots":{"index":"index","follow":"follow","max-snippet":"max-snippet:-1","max-image-preview":"max-image-preview:large","max-video-preview":"max-video-preview:-1"},"canonical":"https:\/\/fashionuniversum.com\/?product=olavoga-handies-szett-2","og_locale":"hu_HU","og_type":"article","og_title":"OLAVOGA HANDIES szett \u2013 Pr\u00e9mium St\u00edlus & K\u00e9nyelem \ud83d\udc8e","og_description":"OLAVOGA HANDIES szett akci\u00f3s \u00e1ron! \ud83d\udd25 Ne maradj le a Fashion Universum legst\u00edlusosabb darabj\u00e1r\u00f3l. Gyors sz\u00e1ll\u00edt\u00e1s, pr\u00e9mium luxus, im\u00e1dni fogod! \ud83d\udecd\ufe0f\u2728","og_url":"https:\/\/fashionuniversum.com\/?product=olavoga-handies-szett-2","og_site_name":"Fashion Universum","article_modified_time":"2026-03-30T09:39:03+00:00","og_image":[{"width":1400,"height":1867,"url":"https:\/\/fashionuniversum.com\/wp-content\/uploads\/2026\/01\/komplet-HANDIES-179-1.jpeg","type":"image\/jpeg"}],"twitter_card":"summary_large_image","twitter_misc":{"Becs\u00fclt olvas\u00e1si id\u0151":"1 perc"},"schema":{"@context":"https:\/\/schema.org","@graph":[{"@type":"WebPage","@id":"https:\/\/fashionuniversum.com\/?product=olavoga-handies-szett-2","url":"https:\/\/fashionuniversum.com\/?product=olavoga-handies-szett-2","name":"OLAVOGA HANDIES szett \u2013 Pr\u00e9mium St\u00edlus & K\u00e9nyelem \ud83d\udc8e","isPartOf":{"@id":"https:\/\/fashionuniversum.com\/#website"},"primaryImageOfPage":{"@id":"https:\/\/fashionuniversum.com\/?product=olavoga-handies-szett-2#primaryimage"},"image":{"@id":"https:\/\/fashionuniversum.com\/?product=olavoga-handies-szett-2#primaryimage"},"thumbnailUrl":"https:\/\/fashionuniversum.com\/wp-content\/uploads\/2026\/01\/komplet-HANDIES-179-1.jpeg","datePublished":"2026-01-22T14:12:36+00:00","dateModified":"2026-03-30T09:39:03+00:00","description":"OLAVOGA HANDIES szett akci\u00f3s \u00e1ron! \ud83d\udd25 Ne maradj le a Fashion Universum legst\u00edlusosabb darabj\u00e1r\u00f3l. Gyors sz\u00e1ll\u00edt\u00e1s, pr\u00e9mium luxus, im\u00e1dni fogod! \ud83d\udecd\ufe0f\u2728","breadcrumb":{"@id":"https:\/\/fashionuniversum.com\/?product=olavoga-handies-szett-2#breadcrumb"},"inLanguage":"hu","potentialAction":[{"@type":"ReadAction","target":["https:\/\/fashionuniversum.com\/?product=olavoga-handies-szett-2"]}]},{"@type":"ImageObject","inLanguage":"hu","@id":"https:\/\/fashionuniversum.com\/?product=olavoga-handies-szett-2#primaryimage","url":"https:\/\/fashionuniversum.com\/wp-content\/uploads\/2026\/01\/komplet-HANDIES-179-1.jpeg","contentUrl":"https:\/\/fashionuniversum.com\/wp-content\/uploads\/2026\/01\/komplet-HANDIES-179-1.jpeg","width":1400,"height":1867,"caption":"OLAVOGA HANDIES szett"},{"@type":"BreadcrumbList","@id":"https:\/\/fashionuniversum.com\/?product=olavoga-handies-szett-2#breadcrumb","itemListElement":[{"@type":"ListItem","position":1,"name":"Kezd\u0151lap","item":"https:\/\/fashionuniversum.com\/"},{"@type":"ListItem","position":2,"name":"Kezd\u0151lap","item":"https:\/\/fashionuniversum.com\/"},{"@type":"ListItem","position":3,"name":"OLAVOGA HANDIES szett"}]},{"@type":"WebSite","@id":"https:\/\/fashionuniversum.com\/#website","url":"https:\/\/fashionuniversum.com\/","name":"Fashion Universum","description":"","publisher":{"@id":"https:\/\/fashionuniversum.com\/#organization"},"potentialAction":[{"@type":"SearchAction","target":{"@type":"EntryPoint","urlTemplate":"https:\/\/fashionuniversum.com\/?s={search_term_string}"},"query-input":{"@type":"PropertyValueSpecification","valueRequired":true,"valueName":"search_term_string"}}],"inLanguage":"hu"},{"@type":"Organization","@id":"https:\/\/fashionuniversum.com\/#organization","name":"Fashion Universum","url":"https:\/\/fashionuniversum.com\/","logo":{"@type":"ImageObject","inLanguage":"hu","@id":"https:\/\/fashionuniversum.com\/#\/schema\/logo\/image\/","url":"https:\/\/fashionuniversum.com\/wp-content\/uploads\/2026\/02\/cropped-cropped-imaaage.jpg","contentUrl":"https:\/\/fashionuniversum.com\/wp-content\/uploads\/2026\/02\/cropped-cropped-imaaage.jpg","width":1389,"height":285,"caption":"Fashion Universum"},"image":{"@id":"https:\/\/fashionuniversum.com\/#\/schema\/logo\/image\/"}}]}},"_links":{"self":[{"href":"https:\/\/fashionuniversum.com\/index.php?rest_route=\/wp\/v2\/product\/2295","targetHints":{"allow":["GET"]}}],"collection":[{"href":"https:\/\/fashionuniversum.com\/index.php?rest_route=\/wp\/v2\/product"}],"about":[{"href":"https:\/\/fashionuniversum.com\/index.php?rest_route=\/wp\/v2\/types\/product"}],"wp:featuredmedia":[{"embeddable":true,"href":"https:\/\/fashionuniversum.com\/index.php?rest_route=\/wp\/v2\/media\/2320"}],"wp:attachment":[{"href":"https:\/\/fashionuniversum.com\/index.php?rest_route=%2Fwp%2Fv2%2Fmedia&parent=2295"}],"wp:term":[{"taxonomy":"product_brand","embeddable":true,"href":"https:\/\/fashionuniversum.com\/index.php?rest_route=%2Fwp%2Fv2%2Fproduct_brand&post=2295"},{"taxonomy":"product_cat","embeddable":true,"href":"https:\/\/fashionuniversum.com\/index.php?rest_route=%2Fwp%2Fv2%2Fproduct_cat&post=2295"},{"taxonomy":"product_tag","embeddable":true,"href":"https:\/\/fashionuniversum.com\/index.php?rest_route=%2Fwp%2Fv2%2Fproduct_tag&post=2295"}],"curies":[{"name":"wp","href":"https:\/\/api.w.org\/{rel}","templated":true}]}}