{"id":2101,"date":"2026-01-22T14:10:52","date_gmt":"2026-01-22T14:10:52","guid":{"rendered":"https:\/\/fashionuniversum.com\/?post_type=product&#038;p=2101"},"modified":"2026-03-02T13:14:44","modified_gmt":"2026-03-02T13:14:44","slug":"stayhere-kabat","status":"publish","type":"product","link":"https:\/\/fashionuniversum.com\/?product=stayhere-kabat","title":{"rendered":"STAYHERE kab\u00e1t"},"content":{"rendered":"<div>StayHere kab\u00e1t<\/div>\n<div><\/div>\n<div>S: Mellb\u0151s\u00e9g: 48 cm, Der\u00e9kb\u0151s\u00e9g: 50 cm, V\u00e1llsz\u00e9less\u00e9g: 40 cm, Ujjhossz: 61,5 cm, Hossz: 100 cm<br \/>\nM: Mellb\u0151s\u00e9g: 51 cm, Der\u00e9kb\u0151s\u00e9g: 51 cm, V\u00e1llsz\u00e9less\u00e9g: 40 cm, Ujjhossz: 61,5 cm, Hossz: 101 cm<br \/>\nL: Mellb\u0151s\u00e9g: 53,5 cm, Der\u00e9kb\u0151s\u00e9g: 55,5 cm, V\u00e1llsz\u00e9less\u00e9g: 40,5 cm, Ujjhossz: 62 cm, Hossz: 101 cm<br \/>\nXL: Mellb\u0151s\u00e9g: 56 cm, Der\u00e9kb\u0151s\u00e9g: 56 cm, V\u00e1llsz\u00e9less\u00e9g: 41,5 cm, Ujjhossz: 63,5 cm, Hossz: 101 cm<\/div>\n","protected":false},"excerpt":{"rendered":"<p>StayHere kab\u00e1t S: Mellb\u0151s\u00e9g: 48 cm, Der\u00e9kb\u0151s\u00e9g: 50 cm, V\u00e1llsz\u00e9less\u00e9g: 40 cm, Ujjhossz: 61,5 cm, Hossz: 100 cm M: Mellb\u0151s\u00e9g: 51 cm, Der\u00e9kb\u0151s\u00e9g: 51 cm, &hellip; <\/p>\n","protected":false},"featured_media":2131,"template":"","meta":[],"product_brand":[],"product_cat":[19,33,25,42],"product_tag":[],"class_list":{"0":"post-2101","1":"product","2":"type-product","3":"status-publish","4":"has-post-thumbnail","6":"product_cat-markak","7":"product_cat-stayhere","8":"product_cat-noi-ruhazat-hu","9":"product_cat-kabatok-dzsekik","11":"first","12":"instock","13":"sale","14":"shipping-taxable","15":"purchasable","16":"product-type-variable"},"yoast_head":"<!-- This site is optimized with the Yoast SEO plugin v26.7 - https:\/\/yoast.com\/wordpress\/plugins\/seo\/ -->\n<title>STAYHERE kab\u00e1t - Fashion Universum<\/title>\n<meta name=\"description\" content=\"StayHere kab\u00e1t\" \/>\n<meta name=\"robots\" content=\"index, follow, max-snippet:-1, max-image-preview:large, max-video-preview:-1\" \/>\n<link rel=\"canonical\" href=\"https:\/\/fashionuniversum.com\/?product=stayhere-kabat\" \/>\n<meta property=\"og:locale\" content=\"hu_HU\" \/>\n<meta property=\"og:type\" content=\"article\" \/>\n<meta property=\"og:title\" content=\"STAYHERE kab\u00e1t - Fashion Universum\" \/>\n<meta property=\"og:description\" content=\"StayHere kab\u00e1t\" \/>\n<meta property=\"og:url\" content=\"https:\/\/fashionuniversum.com\/?product=stayhere-kabat\" \/>\n<meta property=\"og:site_name\" content=\"Fashion Universum\" \/>\n<meta property=\"article:modified_time\" content=\"2026-03-02T13:14:44+00:00\" \/>\n<meta property=\"og:image\" content=\"https:\/\/fashionuniversum.com\/wp-content\/uploads\/2026\/01\/IMG_1074.jpeg\" \/>\n\t<meta property=\"og:image:width\" content=\"1536\" \/>\n\t<meta property=\"og:image:height\" content=\"2048\" \/>\n\t<meta property=\"og:image:type\" content=\"image\/jpeg\" \/>\n<meta name=\"twitter:card\" content=\"summary_large_image\" \/>\n<meta name=\"twitter:label1\" content=\"Becs\u00fclt olvas\u00e1si id\u0151\" \/>\n\t<meta name=\"twitter:data1\" content=\"1 perc\" \/>\n<script type=\"application\/ld+json\" class=\"yoast-schema-graph\">{\"@context\":\"https:\/\/schema.org\",\"@graph\":[{\"@type\":\"WebPage\",\"@id\":\"https:\/\/fashionuniversum.com\/?product=stayhere-kabat\",\"url\":\"https:\/\/fashionuniversum.com\/?product=stayhere-kabat\",\"name\":\"STAYHERE kab\u00e1t - Fashion Universum\",\"isPartOf\":{\"@id\":\"https:\/\/fashionuniversum.com\/#website\"},\"primaryImageOfPage\":{\"@id\":\"https:\/\/fashionuniversum.com\/?product=stayhere-kabat#primaryimage\"},\"image\":{\"@id\":\"https:\/\/fashionuniversum.com\/?product=stayhere-kabat#primaryimage\"},\"thumbnailUrl\":\"https:\/\/fashionuniversum.com\/wp-content\/uploads\/2026\/01\/IMG_1074.jpeg\",\"datePublished\":\"2026-01-22T14:10:52+00:00\",\"dateModified\":\"2026-03-02T13:14:44+00:00\",\"description\":\"StayHere kab\u00e1t\",\"breadcrumb\":{\"@id\":\"https:\/\/fashionuniversum.com\/?product=stayhere-kabat#breadcrumb\"},\"inLanguage\":\"hu\",\"potentialAction\":[{\"@type\":\"ReadAction\",\"target\":[\"https:\/\/fashionuniversum.com\/?product=stayhere-kabat\"]}]},{\"@type\":\"ImageObject\",\"inLanguage\":\"hu\",\"@id\":\"https:\/\/fashionuniversum.com\/?product=stayhere-kabat#primaryimage\",\"url\":\"https:\/\/fashionuniversum.com\/wp-content\/uploads\/2026\/01\/IMG_1074.jpeg\",\"contentUrl\":\"https:\/\/fashionuniversum.com\/wp-content\/uploads\/2026\/01\/IMG_1074.jpeg\",\"width\":1536,\"height\":2048,\"caption\":\"StayHere kab\u00e1t\"},{\"@type\":\"BreadcrumbList\",\"@id\":\"https:\/\/fashionuniversum.com\/?product=stayhere-kabat#breadcrumb\",\"itemListElement\":[{\"@type\":\"ListItem\",\"position\":1,\"name\":\"Kezd\u0151lap\",\"item\":\"https:\/\/fashionuniversum.com\/\"},{\"@type\":\"ListItem\",\"position\":2,\"name\":\"Kezd\u0151lap\",\"item\":\"https:\/\/fashionuniversum.com\/\"},{\"@type\":\"ListItem\",\"position\":3,\"name\":\"STAYHERE kab\u00e1t\"}]},{\"@type\":\"WebSite\",\"@id\":\"https:\/\/fashionuniversum.com\/#website\",\"url\":\"https:\/\/fashionuniversum.com\/\",\"name\":\"Fashion Universum\",\"description\":\"\",\"publisher\":{\"@id\":\"https:\/\/fashionuniversum.com\/#organization\"},\"potentialAction\":[{\"@type\":\"SearchAction\",\"target\":{\"@type\":\"EntryPoint\",\"urlTemplate\":\"https:\/\/fashionuniversum.com\/?s={search_term_string}\"},\"query-input\":{\"@type\":\"PropertyValueSpecification\",\"valueRequired\":true,\"valueName\":\"search_term_string\"}}],\"inLanguage\":\"hu\"},{\"@type\":\"Organization\",\"@id\":\"https:\/\/fashionuniversum.com\/#organization\",\"name\":\"Fashion Universum\",\"url\":\"https:\/\/fashionuniversum.com\/\",\"logo\":{\"@type\":\"ImageObject\",\"inLanguage\":\"hu\",\"@id\":\"https:\/\/fashionuniversum.com\/#\/schema\/logo\/image\/\",\"url\":\"https:\/\/fashionuniversum.com\/wp-content\/uploads\/2026\/02\/cropped-cropped-imaaage.jpg\",\"contentUrl\":\"https:\/\/fashionuniversum.com\/wp-content\/uploads\/2026\/02\/cropped-cropped-imaaage.jpg\",\"width\":1389,\"height\":285,\"caption\":\"Fashion Universum\"},\"image\":{\"@id\":\"https:\/\/fashionuniversum.com\/#\/schema\/logo\/image\/\"}}]}<\/script>\n<!-- \/ Yoast SEO plugin. -->","yoast_head_json":{"title":"STAYHERE kab\u00e1t - Fashion Universum","description":"StayHere kab\u00e1t","robots":{"index":"index","follow":"follow","max-snippet":"max-snippet:-1","max-image-preview":"max-image-preview:large","max-video-preview":"max-video-preview:-1"},"canonical":"https:\/\/fashionuniversum.com\/?product=stayhere-kabat","og_locale":"hu_HU","og_type":"article","og_title":"STAYHERE kab\u00e1t - Fashion Universum","og_description":"StayHere kab\u00e1t","og_url":"https:\/\/fashionuniversum.com\/?product=stayhere-kabat","og_site_name":"Fashion Universum","article_modified_time":"2026-03-02T13:14:44+00:00","og_image":[{"width":1536,"height":2048,"url":"https:\/\/fashionuniversum.com\/wp-content\/uploads\/2026\/01\/IMG_1074.jpeg","type":"image\/jpeg"}],"twitter_card":"summary_large_image","twitter_misc":{"Becs\u00fclt olvas\u00e1si id\u0151":"1 perc"},"schema":{"@context":"https:\/\/schema.org","@graph":[{"@type":"WebPage","@id":"https:\/\/fashionuniversum.com\/?product=stayhere-kabat","url":"https:\/\/fashionuniversum.com\/?product=stayhere-kabat","name":"STAYHERE kab\u00e1t - Fashion Universum","isPartOf":{"@id":"https:\/\/fashionuniversum.com\/#website"},"primaryImageOfPage":{"@id":"https:\/\/fashionuniversum.com\/?product=stayhere-kabat#primaryimage"},"image":{"@id":"https:\/\/fashionuniversum.com\/?product=stayhere-kabat#primaryimage"},"thumbnailUrl":"https:\/\/fashionuniversum.com\/wp-content\/uploads\/2026\/01\/IMG_1074.jpeg","datePublished":"2026-01-22T14:10:52+00:00","dateModified":"2026-03-02T13:14:44+00:00","description":"StayHere kab\u00e1t","breadcrumb":{"@id":"https:\/\/fashionuniversum.com\/?product=stayhere-kabat#breadcrumb"},"inLanguage":"hu","potentialAction":[{"@type":"ReadAction","target":["https:\/\/fashionuniversum.com\/?product=stayhere-kabat"]}]},{"@type":"ImageObject","inLanguage":"hu","@id":"https:\/\/fashionuniversum.com\/?product=stayhere-kabat#primaryimage","url":"https:\/\/fashionuniversum.com\/wp-content\/uploads\/2026\/01\/IMG_1074.jpeg","contentUrl":"https:\/\/fashionuniversum.com\/wp-content\/uploads\/2026\/01\/IMG_1074.jpeg","width":1536,"height":2048,"caption":"StayHere kab\u00e1t"},{"@type":"BreadcrumbList","@id":"https:\/\/fashionuniversum.com\/?product=stayhere-kabat#breadcrumb","itemListElement":[{"@type":"ListItem","position":1,"name":"Kezd\u0151lap","item":"https:\/\/fashionuniversum.com\/"},{"@type":"ListItem","position":2,"name":"Kezd\u0151lap","item":"https:\/\/fashionuniversum.com\/"},{"@type":"ListItem","position":3,"name":"STAYHERE kab\u00e1t"}]},{"@type":"WebSite","@id":"https:\/\/fashionuniversum.com\/#website","url":"https:\/\/fashionuniversum.com\/","name":"Fashion Universum","description":"","publisher":{"@id":"https:\/\/fashionuniversum.com\/#organization"},"potentialAction":[{"@type":"SearchAction","target":{"@type":"EntryPoint","urlTemplate":"https:\/\/fashionuniversum.com\/?s={search_term_string}"},"query-input":{"@type":"PropertyValueSpecification","valueRequired":true,"valueName":"search_term_string"}}],"inLanguage":"hu"},{"@type":"Organization","@id":"https:\/\/fashionuniversum.com\/#organization","name":"Fashion Universum","url":"https:\/\/fashionuniversum.com\/","logo":{"@type":"ImageObject","inLanguage":"hu","@id":"https:\/\/fashionuniversum.com\/#\/schema\/logo\/image\/","url":"https:\/\/fashionuniversum.com\/wp-content\/uploads\/2026\/02\/cropped-cropped-imaaage.jpg","contentUrl":"https:\/\/fashionuniversum.com\/wp-content\/uploads\/2026\/02\/cropped-cropped-imaaage.jpg","width":1389,"height":285,"caption":"Fashion Universum"},"image":{"@id":"https:\/\/fashionuniversum.com\/#\/schema\/logo\/image\/"}}]}},"_links":{"self":[{"href":"https:\/\/fashionuniversum.com\/index.php?rest_route=\/wp\/v2\/product\/2101","targetHints":{"allow":["GET"]}}],"collection":[{"href":"https:\/\/fashionuniversum.com\/index.php?rest_route=\/wp\/v2\/product"}],"about":[{"href":"https:\/\/fashionuniversum.com\/index.php?rest_route=\/wp\/v2\/types\/product"}],"wp:featuredmedia":[{"embeddable":true,"href":"https:\/\/fashionuniversum.com\/index.php?rest_route=\/wp\/v2\/media\/2131"}],"wp:attachment":[{"href":"https:\/\/fashionuniversum.com\/index.php?rest_route=%2Fwp%2Fv2%2Fmedia&parent=2101"}],"wp:term":[{"taxonomy":"product_brand","embeddable":true,"href":"https:\/\/fashionuniversum.com\/index.php?rest_route=%2Fwp%2Fv2%2Fproduct_brand&post=2101"},{"taxonomy":"product_cat","embeddable":true,"href":"https:\/\/fashionuniversum.com\/index.php?rest_route=%2Fwp%2Fv2%2Fproduct_cat&post=2101"},{"taxonomy":"product_tag","embeddable":true,"href":"https:\/\/fashionuniversum.com\/index.php?rest_route=%2Fwp%2Fv2%2Fproduct_tag&post=2101"}],"curies":[{"name":"wp","href":"https:\/\/api.w.org\/{rel}","templated":true}]}}