{"id":2072,"date":"2026-01-22T14:10:32","date_gmt":"2026-01-22T14:10:32","guid":{"rendered":"https:\/\/fashionuniversum.com\/?post_type=product&#038;p=2072"},"modified":"2026-04-10T08:30:01","modified_gmt":"2026-04-10T08:30:01","slug":"olavoga-biscuit-szett","status":"publish","type":"product","link":"https:\/\/fashionuniversum.com\/?product=olavoga-biscuit-szett","title":{"rendered":"OLAVOGA BISCUIT szett"},"content":{"rendered":"<p>OLAVOGA BISCUIT szett<\/p>\n<p>Sportos n\u0151i szett puha, k\u00e9nyelmes anyagb\u00f3l. A fels\u0151 egy kapucnis pul\u00f3ver el\u00f6l log\u00f3nyomattal, az als\u00f3 pedig magas derek\u00fa nadr\u00e1g praktikus zsebekkel. Ide\u00e1lis akt\u00edv napokra \u00e9s otthoni pihen\u00e9shez egyar\u00e1nt.<\/p>\n<p>\u00d6sszet\u00e9tel: 52% poli\u00e9szter, 46% pamut, 2 elaszt\u00e1n<\/p>\n<p>El\u00e9rhet\u0151 m\u00e9retek: S, M<\/p>\n<h2>M\u00e9rett\u00e1bl\u00e1zat (cm):<\/h2>\n<ul>\n<li>S: mellkasb\u0151s\u00e9g 112 cm, der\u00e9kb\u0151s\u00e9g 66 cm, cs\u00edp\u0151b\u0151s\u00e9g 106 cm, teljes hossz (als\u00f3) 97 cm, teljes hossz (fels\u0151) 52 cm, bels\u0151 sz\u00e1rhossz 71 cm, k\u00fcls\u0151 sz\u00e1rhossz 95 cm, bels\u0151 ujjhossz 49 cm, k\u00fcls\u0151 ujjhossz 58 cm, \u00fcl\u00e9smagass\u00e1g 29 cm<\/li>\n<li>M: mellkasb\u0151s\u00e9g 114 cm, der\u00e9kb\u0151s\u00e9g 68 cm, cs\u00edp\u0151b\u0151s\u00e9g 108 cm, teljes hossz (als\u00f3) 98 cm, teljes hossz (fels\u0151) 53 cm, bels\u0151 sz\u00e1rhossz 72 cm, k\u00fcls\u0151 sz\u00e1rhossz 96 cm, bels\u0151 ujjhossz 50 cm, k\u00fcls\u0151 ujjhossz 59 cm, \u00fcl\u00e9smagass\u00e1g 30 cm<\/li>\n<\/ul>\n","protected":false},"excerpt":{"rendered":"<p>OLAVOGA BISCUIT szett Sportos n\u0151i szett puha, k\u00e9nyelmes anyagb\u00f3l. A fels\u0151 egy kapucnis pul\u00f3ver el\u00f6l log\u00f3nyomattal, az als\u00f3 pedig magas derek\u00fa nadr\u00e1g praktikus zsebekkel. Ide\u00e1lis &hellip; <\/p>\n","protected":false},"featured_media":2084,"template":"","meta":[],"product_brand":[78],"product_cat":[16,19,28,25,26],"product_tag":[],"class_list":{"0":"post-2072","1":"product","2":"type-product","3":"status-publish","4":"has-post-thumbnail","6":"product_brand-olavoga","7":"product_cat-akcios-termekek","8":"product_cat-markak","9":"product_cat-olavoga","10":"product_cat-noi-ruhazat-hu","11":"product_cat-szettek","13":"first","14":"instock","15":"sale","16":"shipping-taxable","17":"purchasable","18":"product-type-variable"},"yoast_head":"<!-- This site is optimized with the Yoast SEO plugin v26.7 - https:\/\/yoast.com\/wordpress\/plugins\/seo\/ -->\n<title>OLAVOGA BISCUIT szett - Fashion Universum<\/title>\n<meta name=\"description\" content=\"Fedezd fel az OLAVOGA BISCUIT szett sportos st\u00edlus\u00e1t, ami k\u00e9nyelmes anyagb\u00f3l k\u00e9sz\u00fclt! T\u00f6k\u00e9letes viselet akt\u00edv napokhoz \u00e9s otthoni pihen\u00e9shez.\" \/>\n<meta name=\"robots\" content=\"index, follow, max-snippet:-1, max-image-preview:large, max-video-preview:-1\" \/>\n<link rel=\"canonical\" href=\"https:\/\/fashionuniversum.com\/?product=olavoga-biscuit-szett\" \/>\n<meta property=\"og:locale\" content=\"hu_HU\" \/>\n<meta property=\"og:type\" content=\"article\" \/>\n<meta property=\"og:title\" content=\"OLAVOGA BISCUIT szett - Fashion Universum\" \/>\n<meta property=\"og:description\" content=\"Fedezd fel az OLAVOGA BISCUIT szett sportos st\u00edlus\u00e1t, ami k\u00e9nyelmes anyagb\u00f3l k\u00e9sz\u00fclt! T\u00f6k\u00e9letes viselet akt\u00edv napokhoz \u00e9s otthoni pihen\u00e9shez.\" \/>\n<meta property=\"og:url\" content=\"https:\/\/fashionuniversum.com\/?product=olavoga-biscuit-szett\" \/>\n<meta property=\"og:site_name\" content=\"Fashion Universum\" \/>\n<meta property=\"article:modified_time\" content=\"2026-04-10T08:30:01+00:00\" \/>\n<meta property=\"og:image\" content=\"https:\/\/fashionuniversum.com\/wp-content\/uploads\/2026\/01\/komplet-BISCUIT-715-scaled-1.jpg\" \/>\n\t<meta property=\"og:image:width\" content=\"1920\" \/>\n\t<meta property=\"og:image:height\" content=\"2560\" \/>\n\t<meta property=\"og:image:type\" content=\"image\/jpeg\" \/>\n<meta name=\"twitter:card\" content=\"summary_large_image\" \/>\n<meta name=\"twitter:label1\" content=\"Becs\u00fclt olvas\u00e1si id\u0151\" \/>\n\t<meta name=\"twitter:data1\" content=\"1 perc\" \/>\n<script type=\"application\/ld+json\" class=\"yoast-schema-graph\">{\"@context\":\"https:\/\/schema.org\",\"@graph\":[{\"@type\":\"WebPage\",\"@id\":\"https:\/\/fashionuniversum.com\/?product=olavoga-biscuit-szett\",\"url\":\"https:\/\/fashionuniversum.com\/?product=olavoga-biscuit-szett\",\"name\":\"OLAVOGA BISCUIT szett - Fashion Universum\",\"isPartOf\":{\"@id\":\"https:\/\/fashionuniversum.com\/#website\"},\"primaryImageOfPage\":{\"@id\":\"https:\/\/fashionuniversum.com\/?product=olavoga-biscuit-szett#primaryimage\"},\"image\":{\"@id\":\"https:\/\/fashionuniversum.com\/?product=olavoga-biscuit-szett#primaryimage\"},\"thumbnailUrl\":\"https:\/\/fashionuniversum.com\/wp-content\/uploads\/2026\/01\/komplet-BISCUIT-715-scaled-1.jpg\",\"datePublished\":\"2026-01-22T14:10:32+00:00\",\"dateModified\":\"2026-04-10T08:30:01+00:00\",\"description\":\"Fedezd fel az OLAVOGA BISCUIT szett sportos st\u00edlus\u00e1t, ami k\u00e9nyelmes anyagb\u00f3l k\u00e9sz\u00fclt! T\u00f6k\u00e9letes viselet akt\u00edv napokhoz \u00e9s otthoni pihen\u00e9shez.\",\"breadcrumb\":{\"@id\":\"https:\/\/fashionuniversum.com\/?product=olavoga-biscuit-szett#breadcrumb\"},\"inLanguage\":\"hu\",\"potentialAction\":[{\"@type\":\"ReadAction\",\"target\":[\"https:\/\/fashionuniversum.com\/?product=olavoga-biscuit-szett\"]}]},{\"@type\":\"ImageObject\",\"inLanguage\":\"hu\",\"@id\":\"https:\/\/fashionuniversum.com\/?product=olavoga-biscuit-szett#primaryimage\",\"url\":\"https:\/\/fashionuniversum.com\/wp-content\/uploads\/2026\/01\/komplet-BISCUIT-715-scaled-1.jpg\",\"contentUrl\":\"https:\/\/fashionuniversum.com\/wp-content\/uploads\/2026\/01\/komplet-BISCUIT-715-scaled-1.jpg\",\"width\":1920,\"height\":2560,\"caption\":\"OLAVOGA BISCUIT szett\"},{\"@type\":\"BreadcrumbList\",\"@id\":\"https:\/\/fashionuniversum.com\/?product=olavoga-biscuit-szett#breadcrumb\",\"itemListElement\":[{\"@type\":\"ListItem\",\"position\":1,\"name\":\"Kezd\u0151lap\",\"item\":\"https:\/\/fashionuniversum.com\/\"},{\"@type\":\"ListItem\",\"position\":2,\"name\":\"Kezd\u0151lap\",\"item\":\"https:\/\/fashionuniversum.com\/\"},{\"@type\":\"ListItem\",\"position\":3,\"name\":\"OLAVOGA BISCUIT szett\"}]},{\"@type\":\"WebSite\",\"@id\":\"https:\/\/fashionuniversum.com\/#website\",\"url\":\"https:\/\/fashionuniversum.com\/\",\"name\":\"Fashion Universum\",\"description\":\"\",\"publisher\":{\"@id\":\"https:\/\/fashionuniversum.com\/#organization\"},\"potentialAction\":[{\"@type\":\"SearchAction\",\"target\":{\"@type\":\"EntryPoint\",\"urlTemplate\":\"https:\/\/fashionuniversum.com\/?s={search_term_string}\"},\"query-input\":{\"@type\":\"PropertyValueSpecification\",\"valueRequired\":true,\"valueName\":\"search_term_string\"}}],\"inLanguage\":\"hu\"},{\"@type\":\"Organization\",\"@id\":\"https:\/\/fashionuniversum.com\/#organization\",\"name\":\"Fashion Universum\",\"url\":\"https:\/\/fashionuniversum.com\/\",\"logo\":{\"@type\":\"ImageObject\",\"inLanguage\":\"hu\",\"@id\":\"https:\/\/fashionuniversum.com\/#\/schema\/logo\/image\/\",\"url\":\"https:\/\/fashionuniversum.com\/wp-content\/uploads\/2026\/02\/cropped-cropped-imaaage.jpg\",\"contentUrl\":\"https:\/\/fashionuniversum.com\/wp-content\/uploads\/2026\/02\/cropped-cropped-imaaage.jpg\",\"width\":1389,\"height\":285,\"caption\":\"Fashion Universum\"},\"image\":{\"@id\":\"https:\/\/fashionuniversum.com\/#\/schema\/logo\/image\/\"}}]}<\/script>\n<!-- \/ Yoast SEO plugin. -->","yoast_head_json":{"title":"OLAVOGA BISCUIT szett - Fashion Universum","description":"Fedezd fel az OLAVOGA BISCUIT szett sportos st\u00edlus\u00e1t, ami k\u00e9nyelmes anyagb\u00f3l k\u00e9sz\u00fclt! T\u00f6k\u00e9letes viselet akt\u00edv napokhoz \u00e9s otthoni pihen\u00e9shez.","robots":{"index":"index","follow":"follow","max-snippet":"max-snippet:-1","max-image-preview":"max-image-preview:large","max-video-preview":"max-video-preview:-1"},"canonical":"https:\/\/fashionuniversum.com\/?product=olavoga-biscuit-szett","og_locale":"hu_HU","og_type":"article","og_title":"OLAVOGA BISCUIT szett - Fashion Universum","og_description":"Fedezd fel az OLAVOGA BISCUIT szett sportos st\u00edlus\u00e1t, ami k\u00e9nyelmes anyagb\u00f3l k\u00e9sz\u00fclt! T\u00f6k\u00e9letes viselet akt\u00edv napokhoz \u00e9s otthoni pihen\u00e9shez.","og_url":"https:\/\/fashionuniversum.com\/?product=olavoga-biscuit-szett","og_site_name":"Fashion Universum","article_modified_time":"2026-04-10T08:30:01+00:00","og_image":[{"width":1920,"height":2560,"url":"https:\/\/fashionuniversum.com\/wp-content\/uploads\/2026\/01\/komplet-BISCUIT-715-scaled-1.jpg","type":"image\/jpeg"}],"twitter_card":"summary_large_image","twitter_misc":{"Becs\u00fclt olvas\u00e1si id\u0151":"1 perc"},"schema":{"@context":"https:\/\/schema.org","@graph":[{"@type":"WebPage","@id":"https:\/\/fashionuniversum.com\/?product=olavoga-biscuit-szett","url":"https:\/\/fashionuniversum.com\/?product=olavoga-biscuit-szett","name":"OLAVOGA BISCUIT szett - Fashion Universum","isPartOf":{"@id":"https:\/\/fashionuniversum.com\/#website"},"primaryImageOfPage":{"@id":"https:\/\/fashionuniversum.com\/?product=olavoga-biscuit-szett#primaryimage"},"image":{"@id":"https:\/\/fashionuniversum.com\/?product=olavoga-biscuit-szett#primaryimage"},"thumbnailUrl":"https:\/\/fashionuniversum.com\/wp-content\/uploads\/2026\/01\/komplet-BISCUIT-715-scaled-1.jpg","datePublished":"2026-01-22T14:10:32+00:00","dateModified":"2026-04-10T08:30:01+00:00","description":"Fedezd fel az OLAVOGA BISCUIT szett sportos st\u00edlus\u00e1t, ami k\u00e9nyelmes anyagb\u00f3l k\u00e9sz\u00fclt! T\u00f6k\u00e9letes viselet akt\u00edv napokhoz \u00e9s otthoni pihen\u00e9shez.","breadcrumb":{"@id":"https:\/\/fashionuniversum.com\/?product=olavoga-biscuit-szett#breadcrumb"},"inLanguage":"hu","potentialAction":[{"@type":"ReadAction","target":["https:\/\/fashionuniversum.com\/?product=olavoga-biscuit-szett"]}]},{"@type":"ImageObject","inLanguage":"hu","@id":"https:\/\/fashionuniversum.com\/?product=olavoga-biscuit-szett#primaryimage","url":"https:\/\/fashionuniversum.com\/wp-content\/uploads\/2026\/01\/komplet-BISCUIT-715-scaled-1.jpg","contentUrl":"https:\/\/fashionuniversum.com\/wp-content\/uploads\/2026\/01\/komplet-BISCUIT-715-scaled-1.jpg","width":1920,"height":2560,"caption":"OLAVOGA BISCUIT szett"},{"@type":"BreadcrumbList","@id":"https:\/\/fashionuniversum.com\/?product=olavoga-biscuit-szett#breadcrumb","itemListElement":[{"@type":"ListItem","position":1,"name":"Kezd\u0151lap","item":"https:\/\/fashionuniversum.com\/"},{"@type":"ListItem","position":2,"name":"Kezd\u0151lap","item":"https:\/\/fashionuniversum.com\/"},{"@type":"ListItem","position":3,"name":"OLAVOGA BISCUIT szett"}]},{"@type":"WebSite","@id":"https:\/\/fashionuniversum.com\/#website","url":"https:\/\/fashionuniversum.com\/","name":"Fashion Universum","description":"","publisher":{"@id":"https:\/\/fashionuniversum.com\/#organization"},"potentialAction":[{"@type":"SearchAction","target":{"@type":"EntryPoint","urlTemplate":"https:\/\/fashionuniversum.com\/?s={search_term_string}"},"query-input":{"@type":"PropertyValueSpecification","valueRequired":true,"valueName":"search_term_string"}}],"inLanguage":"hu"},{"@type":"Organization","@id":"https:\/\/fashionuniversum.com\/#organization","name":"Fashion Universum","url":"https:\/\/fashionuniversum.com\/","logo":{"@type":"ImageObject","inLanguage":"hu","@id":"https:\/\/fashionuniversum.com\/#\/schema\/logo\/image\/","url":"https:\/\/fashionuniversum.com\/wp-content\/uploads\/2026\/02\/cropped-cropped-imaaage.jpg","contentUrl":"https:\/\/fashionuniversum.com\/wp-content\/uploads\/2026\/02\/cropped-cropped-imaaage.jpg","width":1389,"height":285,"caption":"Fashion Universum"},"image":{"@id":"https:\/\/fashionuniversum.com\/#\/schema\/logo\/image\/"}}]}},"_links":{"self":[{"href":"https:\/\/fashionuniversum.com\/index.php?rest_route=\/wp\/v2\/product\/2072","targetHints":{"allow":["GET"]}}],"collection":[{"href":"https:\/\/fashionuniversum.com\/index.php?rest_route=\/wp\/v2\/product"}],"about":[{"href":"https:\/\/fashionuniversum.com\/index.php?rest_route=\/wp\/v2\/types\/product"}],"wp:featuredmedia":[{"embeddable":true,"href":"https:\/\/fashionuniversum.com\/index.php?rest_route=\/wp\/v2\/media\/2084"}],"wp:attachment":[{"href":"https:\/\/fashionuniversum.com\/index.php?rest_route=%2Fwp%2Fv2%2Fmedia&parent=2072"}],"wp:term":[{"taxonomy":"product_brand","embeddable":true,"href":"https:\/\/fashionuniversum.com\/index.php?rest_route=%2Fwp%2Fv2%2Fproduct_brand&post=2072"},{"taxonomy":"product_cat","embeddable":true,"href":"https:\/\/fashionuniversum.com\/index.php?rest_route=%2Fwp%2Fv2%2Fproduct_cat&post=2072"},{"taxonomy":"product_tag","embeddable":true,"href":"https:\/\/fashionuniversum.com\/index.php?rest_route=%2Fwp%2Fv2%2Fproduct_tag&post=2072"}],"curies":[{"name":"wp","href":"https:\/\/api.w.org\/{rel}","templated":true}]}}