{"id":1980,"date":"2026-01-22T14:10:26","date_gmt":"2026-01-22T14:10:26","guid":{"rendered":"https:\/\/fashionuniversum.com\/?post_type=product&#038;p=1980"},"modified":"2026-03-03T11:35:23","modified_gmt":"2026-03-03T11:35:23","slug":"olavoga-harper-felso","status":"publish","type":"product","link":"https:\/\/fashionuniversum.com\/?product=olavoga-harper-felso","title":{"rendered":"OLAVOGA HARPER fels\u0151"},"content":{"rendered":"<p>OLAVOGA HARPER fels\u0151<\/p>\n<p>A modell 165 cm, \u00e9s S-es m\u00e9retet visel.<\/p>\n<p>Testhez\u00e1ll\u00f3, ujjatlan top, kiv\u00e1l\u00f3 min\u0151s\u00e9g\u0171, rugalmas, bord\u00e1zott pamutb\u00f3l. A sz\u00e9leket enyh\u00e9n szaggatott, d\u00edsz\u00edtett kialak\u00edt\u00e1s teszi k\u00fcl\u00f6nlegess\u00e9. Az elej\u00e9n kontrasztos OLAVOGA log\u00f3h\u00edmz\u00e9s tal\u00e1lhat\u00f3.<\/p>\n<p><strong>\u00d6sszet\u00e9tel:<\/strong> 92% pamut, 8% elaszt\u00e1n<\/p>\n<p><strong>M\u00e9rett\u00e1bl\u00e1zat (fektetve m\u00e9rve):<\/strong><\/p>\n<figure class=\"table\">\n<table>\n<thead>\n<tr>\n<th><strong>M\u00e9ret<\/strong><\/th>\n<th><strong>Mellb\u0151s\u00e9g (anyag ny\u00falhat +30 cm)<\/strong><\/th>\n<th><strong>Teljes hossz<\/strong><\/th>\n<\/tr>\n<\/thead>\n<tbody>\n<tr>\n<td>XS<\/td>\n<td>58 cm<\/td>\n<td>52 cm<\/td>\n<\/tr>\n<tr>\n<td>S<\/td>\n<td>60 cm<\/td>\n<td>53 cm<\/td>\n<\/tr>\n<tr>\n<td>M<\/td>\n<td>62 cm<\/td>\n<td>54 cm<\/td>\n<\/tr>\n<\/tbody>\n<\/table>\n<\/figure>\n","protected":false},"excerpt":{"rendered":"<p>OLAVOGA HARPER fels\u0151 A modell 165 cm, \u00e9s S-es m\u00e9retet visel. Testhez\u00e1ll\u00f3, ujjatlan top, kiv\u00e1l\u00f3 min\u0151s\u00e9g\u0171, rugalmas, bord\u00e1zott pamutb\u00f3l. A sz\u00e9leket enyh\u00e9n szaggatott, d\u00edsz\u00edtett kialak\u00edt\u00e1s &hellip; <\/p>\n","protected":false},"featured_media":1393,"template":"","meta":[],"product_brand":[78],"product_cat":[16,19,28,25,40],"product_tag":[],"class_list":{"0":"post-1980","1":"product","2":"type-product","3":"status-publish","4":"has-post-thumbnail","6":"product_brand-olavoga","7":"product_cat-akcios-termekek","8":"product_cat-markak","9":"product_cat-olavoga","10":"product_cat-noi-ruhazat-hu","11":"product_cat-felsok-body-k","13":"first","14":"instock","15":"sale","16":"shipping-taxable","17":"purchasable","18":"product-type-variable"},"yoast_head":"<!-- This site is optimized with the Yoast SEO plugin v26.7 - https:\/\/yoast.com\/wordpress\/plugins\/seo\/ -->\n<title>OLAVOGA HARPER fels\u0151 - Fashion Universum<\/title>\n<meta name=\"description\" content=\"OlaVoga Harper fels\u0151. Testhez\u00e1ll\u00f3, ujjatlan top, kiv\u00e1l\u00f3 min\u0151s\u00e9g\u0171, rugalmas, bord\u00e1zott pamutb\u00f3l. A sz\u00e9leket enyh\u00e9n szaggatott.\" \/>\n<meta name=\"robots\" content=\"index, follow, max-snippet:-1, max-image-preview:large, max-video-preview:-1\" \/>\n<link rel=\"canonical\" href=\"https:\/\/fashionuniversum.com\/?product=olavoga-harper-felso\" \/>\n<meta property=\"og:locale\" content=\"hu_HU\" \/>\n<meta property=\"og:type\" content=\"article\" \/>\n<meta property=\"og:title\" content=\"OLAVOGA HARPER fels\u0151 - Fashion Universum\" \/>\n<meta property=\"og:description\" content=\"OlaVoga Harper fels\u0151. Testhez\u00e1ll\u00f3, ujjatlan top, kiv\u00e1l\u00f3 min\u0151s\u00e9g\u0171, rugalmas, bord\u00e1zott pamutb\u00f3l. A sz\u00e9leket enyh\u00e9n szaggatott.\" \/>\n<meta property=\"og:url\" content=\"https:\/\/fashionuniversum.com\/?product=olavoga-harper-felso\" \/>\n<meta property=\"og:site_name\" content=\"Fashion Universum\" \/>\n<meta property=\"article:modified_time\" content=\"2026-03-03T11:35:23+00:00\" \/>\n<meta property=\"og:image\" content=\"https:\/\/fashionuniversum.com\/wp-content\/uploads\/2026\/01\/top-HARPER-178-scaled-1.jpg\" \/>\n\t<meta property=\"og:image:width\" content=\"1920\" \/>\n\t<meta property=\"og:image:height\" content=\"2560\" \/>\n\t<meta property=\"og:image:type\" content=\"image\/jpeg\" \/>\n<meta name=\"twitter:card\" content=\"summary_large_image\" \/>\n<meta name=\"twitter:label1\" content=\"Becs\u00fclt olvas\u00e1si id\u0151\" \/>\n\t<meta name=\"twitter:data1\" content=\"1 perc\" \/>\n<script type=\"application\/ld+json\" class=\"yoast-schema-graph\">{\"@context\":\"https:\/\/schema.org\",\"@graph\":[{\"@type\":\"WebPage\",\"@id\":\"https:\/\/fashionuniversum.com\/?product=olavoga-harper-felso\",\"url\":\"https:\/\/fashionuniversum.com\/?product=olavoga-harper-felso\",\"name\":\"OLAVOGA HARPER fels\u0151 - Fashion Universum\",\"isPartOf\":{\"@id\":\"https:\/\/fashionuniversum.com\/#website\"},\"primaryImageOfPage\":{\"@id\":\"https:\/\/fashionuniversum.com\/?product=olavoga-harper-felso#primaryimage\"},\"image\":{\"@id\":\"https:\/\/fashionuniversum.com\/?product=olavoga-harper-felso#primaryimage\"},\"thumbnailUrl\":\"https:\/\/fashionuniversum.com\/wp-content\/uploads\/2026\/01\/top-HARPER-178-scaled-1.jpg\",\"datePublished\":\"2026-01-22T14:10:26+00:00\",\"dateModified\":\"2026-03-03T11:35:23+00:00\",\"description\":\"OlaVoga Harper fels\u0151. Testhez\u00e1ll\u00f3, ujjatlan top, kiv\u00e1l\u00f3 min\u0151s\u00e9g\u0171, rugalmas, bord\u00e1zott pamutb\u00f3l. A sz\u00e9leket enyh\u00e9n szaggatott.\",\"breadcrumb\":{\"@id\":\"https:\/\/fashionuniversum.com\/?product=olavoga-harper-felso#breadcrumb\"},\"inLanguage\":\"hu\",\"potentialAction\":[{\"@type\":\"ReadAction\",\"target\":[\"https:\/\/fashionuniversum.com\/?product=olavoga-harper-felso\"]}]},{\"@type\":\"ImageObject\",\"inLanguage\":\"hu\",\"@id\":\"https:\/\/fashionuniversum.com\/?product=olavoga-harper-felso#primaryimage\",\"url\":\"https:\/\/fashionuniversum.com\/wp-content\/uploads\/2026\/01\/top-HARPER-178-scaled-1.jpg\",\"contentUrl\":\"https:\/\/fashionuniversum.com\/wp-content\/uploads\/2026\/01\/top-HARPER-178-scaled-1.jpg\",\"width\":1920,\"height\":2560,\"caption\":\"OLAVOGA HARPER fels\u0151\"},{\"@type\":\"BreadcrumbList\",\"@id\":\"https:\/\/fashionuniversum.com\/?product=olavoga-harper-felso#breadcrumb\",\"itemListElement\":[{\"@type\":\"ListItem\",\"position\":1,\"name\":\"Kezd\u0151lap\",\"item\":\"https:\/\/fashionuniversum.com\/\"},{\"@type\":\"ListItem\",\"position\":2,\"name\":\"Kezd\u0151lap\",\"item\":\"https:\/\/fashionuniversum.com\/\"},{\"@type\":\"ListItem\",\"position\":3,\"name\":\"OLAVOGA HARPER fels\u0151\"}]},{\"@type\":\"WebSite\",\"@id\":\"https:\/\/fashionuniversum.com\/#website\",\"url\":\"https:\/\/fashionuniversum.com\/\",\"name\":\"Fashion Universum\",\"description\":\"\",\"publisher\":{\"@id\":\"https:\/\/fashionuniversum.com\/#organization\"},\"potentialAction\":[{\"@type\":\"SearchAction\",\"target\":{\"@type\":\"EntryPoint\",\"urlTemplate\":\"https:\/\/fashionuniversum.com\/?s={search_term_string}\"},\"query-input\":{\"@type\":\"PropertyValueSpecification\",\"valueRequired\":true,\"valueName\":\"search_term_string\"}}],\"inLanguage\":\"hu\"},{\"@type\":\"Organization\",\"@id\":\"https:\/\/fashionuniversum.com\/#organization\",\"name\":\"Fashion Universum\",\"url\":\"https:\/\/fashionuniversum.com\/\",\"logo\":{\"@type\":\"ImageObject\",\"inLanguage\":\"hu\",\"@id\":\"https:\/\/fashionuniversum.com\/#\/schema\/logo\/image\/\",\"url\":\"https:\/\/fashionuniversum.com\/wp-content\/uploads\/2026\/02\/cropped-cropped-imaaage.jpg\",\"contentUrl\":\"https:\/\/fashionuniversum.com\/wp-content\/uploads\/2026\/02\/cropped-cropped-imaaage.jpg\",\"width\":1389,\"height\":285,\"caption\":\"Fashion Universum\"},\"image\":{\"@id\":\"https:\/\/fashionuniversum.com\/#\/schema\/logo\/image\/\"}}]}<\/script>\n<!-- \/ Yoast SEO plugin. -->","yoast_head_json":{"title":"OLAVOGA HARPER fels\u0151 - Fashion Universum","description":"OlaVoga Harper fels\u0151. Testhez\u00e1ll\u00f3, ujjatlan top, kiv\u00e1l\u00f3 min\u0151s\u00e9g\u0171, rugalmas, bord\u00e1zott pamutb\u00f3l. A sz\u00e9leket enyh\u00e9n szaggatott.","robots":{"index":"index","follow":"follow","max-snippet":"max-snippet:-1","max-image-preview":"max-image-preview:large","max-video-preview":"max-video-preview:-1"},"canonical":"https:\/\/fashionuniversum.com\/?product=olavoga-harper-felso","og_locale":"hu_HU","og_type":"article","og_title":"OLAVOGA HARPER fels\u0151 - Fashion Universum","og_description":"OlaVoga Harper fels\u0151. Testhez\u00e1ll\u00f3, ujjatlan top, kiv\u00e1l\u00f3 min\u0151s\u00e9g\u0171, rugalmas, bord\u00e1zott pamutb\u00f3l. A sz\u00e9leket enyh\u00e9n szaggatott.","og_url":"https:\/\/fashionuniversum.com\/?product=olavoga-harper-felso","og_site_name":"Fashion Universum","article_modified_time":"2026-03-03T11:35:23+00:00","og_image":[{"width":1920,"height":2560,"url":"https:\/\/fashionuniversum.com\/wp-content\/uploads\/2026\/01\/top-HARPER-178-scaled-1.jpg","type":"image\/jpeg"}],"twitter_card":"summary_large_image","twitter_misc":{"Becs\u00fclt olvas\u00e1si id\u0151":"1 perc"},"schema":{"@context":"https:\/\/schema.org","@graph":[{"@type":"WebPage","@id":"https:\/\/fashionuniversum.com\/?product=olavoga-harper-felso","url":"https:\/\/fashionuniversum.com\/?product=olavoga-harper-felso","name":"OLAVOGA HARPER fels\u0151 - Fashion Universum","isPartOf":{"@id":"https:\/\/fashionuniversum.com\/#website"},"primaryImageOfPage":{"@id":"https:\/\/fashionuniversum.com\/?product=olavoga-harper-felso#primaryimage"},"image":{"@id":"https:\/\/fashionuniversum.com\/?product=olavoga-harper-felso#primaryimage"},"thumbnailUrl":"https:\/\/fashionuniversum.com\/wp-content\/uploads\/2026\/01\/top-HARPER-178-scaled-1.jpg","datePublished":"2026-01-22T14:10:26+00:00","dateModified":"2026-03-03T11:35:23+00:00","description":"OlaVoga Harper fels\u0151. Testhez\u00e1ll\u00f3, ujjatlan top, kiv\u00e1l\u00f3 min\u0151s\u00e9g\u0171, rugalmas, bord\u00e1zott pamutb\u00f3l. A sz\u00e9leket enyh\u00e9n szaggatott.","breadcrumb":{"@id":"https:\/\/fashionuniversum.com\/?product=olavoga-harper-felso#breadcrumb"},"inLanguage":"hu","potentialAction":[{"@type":"ReadAction","target":["https:\/\/fashionuniversum.com\/?product=olavoga-harper-felso"]}]},{"@type":"ImageObject","inLanguage":"hu","@id":"https:\/\/fashionuniversum.com\/?product=olavoga-harper-felso#primaryimage","url":"https:\/\/fashionuniversum.com\/wp-content\/uploads\/2026\/01\/top-HARPER-178-scaled-1.jpg","contentUrl":"https:\/\/fashionuniversum.com\/wp-content\/uploads\/2026\/01\/top-HARPER-178-scaled-1.jpg","width":1920,"height":2560,"caption":"OLAVOGA HARPER fels\u0151"},{"@type":"BreadcrumbList","@id":"https:\/\/fashionuniversum.com\/?product=olavoga-harper-felso#breadcrumb","itemListElement":[{"@type":"ListItem","position":1,"name":"Kezd\u0151lap","item":"https:\/\/fashionuniversum.com\/"},{"@type":"ListItem","position":2,"name":"Kezd\u0151lap","item":"https:\/\/fashionuniversum.com\/"},{"@type":"ListItem","position":3,"name":"OLAVOGA HARPER fels\u0151"}]},{"@type":"WebSite","@id":"https:\/\/fashionuniversum.com\/#website","url":"https:\/\/fashionuniversum.com\/","name":"Fashion Universum","description":"","publisher":{"@id":"https:\/\/fashionuniversum.com\/#organization"},"potentialAction":[{"@type":"SearchAction","target":{"@type":"EntryPoint","urlTemplate":"https:\/\/fashionuniversum.com\/?s={search_term_string}"},"query-input":{"@type":"PropertyValueSpecification","valueRequired":true,"valueName":"search_term_string"}}],"inLanguage":"hu"},{"@type":"Organization","@id":"https:\/\/fashionuniversum.com\/#organization","name":"Fashion Universum","url":"https:\/\/fashionuniversum.com\/","logo":{"@type":"ImageObject","inLanguage":"hu","@id":"https:\/\/fashionuniversum.com\/#\/schema\/logo\/image\/","url":"https:\/\/fashionuniversum.com\/wp-content\/uploads\/2026\/02\/cropped-cropped-imaaage.jpg","contentUrl":"https:\/\/fashionuniversum.com\/wp-content\/uploads\/2026\/02\/cropped-cropped-imaaage.jpg","width":1389,"height":285,"caption":"Fashion Universum"},"image":{"@id":"https:\/\/fashionuniversum.com\/#\/schema\/logo\/image\/"}}]}},"_links":{"self":[{"href":"https:\/\/fashionuniversum.com\/index.php?rest_route=\/wp\/v2\/product\/1980","targetHints":{"allow":["GET"]}}],"collection":[{"href":"https:\/\/fashionuniversum.com\/index.php?rest_route=\/wp\/v2\/product"}],"about":[{"href":"https:\/\/fashionuniversum.com\/index.php?rest_route=\/wp\/v2\/types\/product"}],"wp:featuredmedia":[{"embeddable":true,"href":"https:\/\/fashionuniversum.com\/index.php?rest_route=\/wp\/v2\/media\/1393"}],"wp:attachment":[{"href":"https:\/\/fashionuniversum.com\/index.php?rest_route=%2Fwp%2Fv2%2Fmedia&parent=1980"}],"wp:term":[{"taxonomy":"product_brand","embeddable":true,"href":"https:\/\/fashionuniversum.com\/index.php?rest_route=%2Fwp%2Fv2%2Fproduct_brand&post=1980"},{"taxonomy":"product_cat","embeddable":true,"href":"https:\/\/fashionuniversum.com\/index.php?rest_route=%2Fwp%2Fv2%2Fproduct_cat&post=1980"},{"taxonomy":"product_tag","embeddable":true,"href":"https:\/\/fashionuniversum.com\/index.php?rest_route=%2Fwp%2Fv2%2Fproduct_tag&post=1980"}],"curies":[{"name":"wp","href":"https:\/\/api.w.org\/{rel}","templated":true}]}}