{"id":1906,"date":"2026-01-22T14:10:20","date_gmt":"2026-01-22T14:10:20","guid":{"rendered":"https:\/\/fashionuniversum.com\/?post_type=product&#038;p=1906"},"modified":"2026-03-14T18:55:50","modified_gmt":"2026-03-14T18:55:50","slug":"olavoga-siage-tanga-3db","status":"publish","type":"product","link":"https:\/\/fashionuniversum.com\/?product=olavoga-siage-tanga-3db","title":{"rendered":"OLAVOGA SIAGE tanga (3db)"},"content":{"rendered":"<div data-sn-op=\"2\" data-processed=\"true\">\n<div data-sfc-cp=\"\" data-sfc-cb=\"\" data-hveid=\"CAEIAxAA\" data-complete=\"true\" data-processed=\"true\"><em><strong>A term\u00e9k h\u00e1romdarabos kiszerel\u00e9sben kaphat\u00f3!<\/strong><\/em><\/div>\n<div data-sfc-cp=\"\" data-sfc-cb=\"\" data-hveid=\"CAEIAxAA\" data-complete=\"true\" data-processed=\"true\"><\/div>\n<div class=\"Y3BBE\" data-sfc-cp=\"\" data-sfc-cb=\"\" data-hveid=\"CAEIAxAA\" data-complete=\"true\" data-processed=\"true\">Az <strong class=\"Yjhzub\" data-sfc-cb=\"\" data-complete=\"true\" data-processed=\"true\">OLAVOGA SIAGE tanga (3db)<\/strong> szett a k\u00e9nyelem \u00e9s a szexi megjelen\u00e9s t\u00f6k\u00e9letes kombin\u00e1ci\u00f3ja, amely minden n\u0151i gardr\u00f3b alapk\u00f6ve kell, hogy legyen. Ez a praktikus, h\u00e1rmas kiszerel\u00e9s\u0171 v\u00e1logat\u00e1s k\u00fcl\u00f6nb\u00f6z\u0151 sz\u00edneket \u00e9s mint\u00e1kat \u00f6tv\u00f6z, \u00edgy minden hangulathoz megtal\u00e1lod a megfelel\u0151 darabot.<\/div>\n<\/div>\n<div data-sn-op=\"2\" data-processed=\"true\">\n<div class=\"Y3BBE\" data-sfc-cp=\"\" data-sfc-cb=\"\" data-hveid=\"CAEIBBAA\" data-processed=\"true\" data-complete=\"true\"><strong class=\"Yjhzub\" data-sfc-cb=\"\" data-complete=\"true\" data-processed=\"true\">F\u0151bb jellemz\u0151k:<\/strong><\/div>\n<\/div>\n<div data-sn-op=\"2\" data-processed=\"true\">\n<ul class=\"KsbFXc U6u95\" data-sfc-cb=\"\" data-complete=\"true\" data-processed=\"true\">\n<li class=\"dF3vjf\" data-sfc-cb=\"\" data-hveid=\"CAEIBRAA\" data-complete=\"true\" data-sae=\"\"><span class=\"T286Pc\" data-sfc-cp=\"\" data-sfc-cb=\"\" data-complete=\"true\"><strong class=\"Yjhzub\" data-sfc-cb=\"\" data-complete=\"true\">Pr\u00e9mium anyag\u00f6sszet\u00e9tel:<\/strong> Magas pamuttartalm\u00fa, l\u00e9g\u00e1tereszt\u0151 anyagb\u00f3l k\u00e9sz\u00fclt, amely eg\u00e9sz napos frissess\u00e9get \u00e9s selymes tapint\u00e1st biztos\u00edt a b\u0151rnek.<\/span><\/li>\n<li class=\"dF3vjf\" data-sfc-cb=\"\" data-hveid=\"CAEIBRAB\" data-complete=\"true\" data-sae=\"\"><span class=\"T286Pc\" data-sfc-cp=\"\" data-sfc-cb=\"\" data-complete=\"true\"><strong class=\"Yjhzub\" data-sfc-cb=\"\" data-complete=\"true\">Ikonikus gum\u00edrozott der\u00e9kr\u00e9sz:<\/strong> Az <strong class=\"Yjhzub\" data-sfc-cb=\"\" data-complete=\"true\">OLAVOGA SIAGE tanga (3db)<\/strong> jellegzetess\u00e9ge a sz\u00e9les, m\u00e1rkajelz\u00e9ssel ell\u00e1tott gumis der\u00e9kp\u00e1nt, amely nemcsak st\u00edlusos, de biztos tart\u00e1st is ad.<\/span><\/li>\n<li class=\"dF3vjf\" data-sfc-cb=\"\" data-hveid=\"CAEIBRAC\" data-complete=\"true\" data-sae=\"\"><span class=\"T286Pc\" data-sfc-cp=\"\" data-sfc-cb=\"\" data-complete=\"true\"><strong class=\"Yjhzub\" data-sfc-cb=\"\" data-complete=\"true\">El\u0151ny\u00f6s szab\u00e1svonal:<\/strong> A klasszikus tanga fazon diszkr\u00e9ten simul a testhez, \u00edgy sz\u0171kebb ruh\u00e1k vagy leggingsek alatt is l\u00e1thatatlan marad.<\/span><\/li>\n<li class=\"dF3vjf\" data-sfc-cb=\"\" data-hveid=\"CAEIBRAD\" data-complete=\"true\" data-sae=\"\"><span class=\"T286Pc\" data-sfc-cp=\"\" data-sfc-cb=\"\" data-complete=\"true\"><strong class=\"Yjhzub\" data-sfc-cb=\"\" data-complete=\"true\">V\u00e1ltozatos szett:<\/strong> A csomagban tal\u00e1lhat\u00f3 h\u00e1rom k\u00fcl\u00f6nb\u00f6z\u0151 darab biztos\u00edtja, hogy a st\u00edlusod akkor is kifog\u00e1stalan legyen, ha a ruh\u00e1k alatti r\u00e9tegr\u0151l van sz\u00f3.<\/span><\/li>\n<\/ul>\n<\/div>\n<div data-sn-op=\"2\" data-processed=\"true\">\n<div class=\"Y3BBE\" data-sfc-cp=\"\" data-sfc-cb=\"\" data-hveid=\"CAEIBhAA\" data-complete=\"true\" data-processed=\"true\">Dobd fel a feh\u00e9rnem\u0171s fi\u00f3kod az <strong class=\"Yjhzub\" data-sfc-cb=\"\" data-complete=\"true\" data-processed=\"true\">OLAVOGA SIAGE tanga (3db)<\/strong> pr\u00e9mium v\u00e1logat\u00e1s\u00e1val a <strong class=\"Yjhzub\" data-sfc-cb=\"\" data-complete=\"true\" data-processed=\"true\">Fashion Universum<\/strong>-t\u00f3l!<\/div>\n<\/div>\n<p>Anyag\u00f6sszet\u00e9tel: 95% pamut, 5% elaszt\u00e1n<\/p>\n<p>M\u00e9rett\u00e1bl\u00e1zat (fektetve m\u00e9rve):<br \/>\nM\u00e9ret XS S M L<br \/>\nDer\u00e9kb\u0151s\u00e9g* 56 cm 58 cm 60 cm 62 cm<br \/>\nTeljes hossz 20 cm 21 cm 22 cm 23 cm<\/p>\n<p>* Az anyag kb. 14 cm-ig rugalmas.<\/p>\n<p>A ruh\u00e1kat fektetve m\u00e9rik, ez\u00e9rt az egyes m\u00e9retek elt\u00e9rhetnek +\/- 2 cm-rel.<\/p>\n","protected":false},"excerpt":{"rendered":"<p>A term\u00e9k h\u00e1romdarabos kiszerel\u00e9sben kaphat\u00f3! Az OLAVOGA SIAGE tanga (3db) szett a k\u00e9nyelem \u00e9s a szexi megjelen\u00e9s t\u00f6k\u00e9letes kombin\u00e1ci\u00f3ja, amely minden n\u0151i gardr\u00f3b alapk\u00f6ve kell, &hellip; <\/p>\n","protected":false},"featured_media":1204,"template":"","meta":[],"product_brand":[78],"product_cat":[19,28,25,44],"product_tag":[],"class_list":{"0":"post-1906","1":"product","2":"type-product","3":"status-publish","4":"has-post-thumbnail","6":"product_brand-olavoga","7":"product_cat-markak","8":"product_cat-olavoga","9":"product_cat-noi-ruhazat-hu","10":"product_cat-kiegeszitok","12":"first","13":"instock","14":"shipping-taxable","15":"purchasable","16":"product-type-variable"},"yoast_head":"<!-- This site is optimized with the Yoast SEO plugin v26.7 - https:\/\/yoast.com\/wordpress\/plugins\/seo\/ -->\n<title>OLAVOGA SIAGE tanga (3db) \u2013 Fashion Universum<\/title>\n<meta name=\"description\" content=\"Szerezd be az OLAVOGA SIAGE tanga (3db) szettet a Fashion Universum-n\u00e1l! \u2728 K\u00e9nyelem, st\u00edlus \u00e9s pr\u00e9mium min\u0151s\u00e9g 3 darabos csomagban. \ud83c\udf80\ud83d\udecd\ufe0f\" \/>\n<meta name=\"robots\" content=\"index, follow, max-snippet:-1, max-image-preview:large, max-video-preview:-1\" \/>\n<link rel=\"canonical\" href=\"https:\/\/fashionuniversum.com\/?product=olavoga-siage-tanga-3db\" \/>\n<meta property=\"og:locale\" content=\"hu_HU\" \/>\n<meta property=\"og:type\" content=\"article\" \/>\n<meta property=\"og:title\" content=\"OLAVOGA SIAGE tanga (3db) \u2013 Fashion Universum\" \/>\n<meta property=\"og:description\" content=\"Szerezd be az OLAVOGA SIAGE tanga (3db) szettet a Fashion Universum-n\u00e1l! \u2728 K\u00e9nyelem, st\u00edlus \u00e9s pr\u00e9mium min\u0151s\u00e9g 3 darabos csomagban. \ud83c\udf80\ud83d\udecd\ufe0f\" \/>\n<meta property=\"og:url\" content=\"https:\/\/fashionuniversum.com\/?product=olavoga-siage-tanga-3db\" \/>\n<meta property=\"og:site_name\" content=\"Fashion Universum\" \/>\n<meta property=\"article:modified_time\" content=\"2026-03-14T18:55:50+00:00\" \/>\n<meta property=\"og:image\" content=\"https:\/\/fashionuniversum.com\/wp-content\/uploads\/2026\/01\/bielizna-SIAGE-083-scaled-1.jpg\" \/>\n\t<meta property=\"og:image:width\" content=\"1920\" \/>\n\t<meta property=\"og:image:height\" content=\"2560\" \/>\n\t<meta property=\"og:image:type\" content=\"image\/jpeg\" \/>\n<meta name=\"twitter:card\" content=\"summary_large_image\" \/>\n<meta name=\"twitter:label1\" content=\"Becs\u00fclt olvas\u00e1si id\u0151\" \/>\n\t<meta name=\"twitter:data1\" content=\"2 perc\" \/>\n<script type=\"application\/ld+json\" class=\"yoast-schema-graph\">{\"@context\":\"https:\/\/schema.org\",\"@graph\":[{\"@type\":\"WebPage\",\"@id\":\"https:\/\/fashionuniversum.com\/?product=olavoga-siage-tanga-3db\",\"url\":\"https:\/\/fashionuniversum.com\/?product=olavoga-siage-tanga-3db\",\"name\":\"OLAVOGA SIAGE tanga (3db) \u2013 Fashion Universum\",\"isPartOf\":{\"@id\":\"https:\/\/fashionuniversum.com\/#website\"},\"primaryImageOfPage\":{\"@id\":\"https:\/\/fashionuniversum.com\/?product=olavoga-siage-tanga-3db#primaryimage\"},\"image\":{\"@id\":\"https:\/\/fashionuniversum.com\/?product=olavoga-siage-tanga-3db#primaryimage\"},\"thumbnailUrl\":\"https:\/\/fashionuniversum.com\/wp-content\/uploads\/2026\/01\/bielizna-SIAGE-083-scaled-1.jpg\",\"datePublished\":\"2026-01-22T14:10:20+00:00\",\"dateModified\":\"2026-03-14T18:55:50+00:00\",\"description\":\"Szerezd be az OLAVOGA SIAGE tanga (3db) szettet a Fashion Universum-n\u00e1l! \u2728 K\u00e9nyelem, st\u00edlus \u00e9s pr\u00e9mium min\u0151s\u00e9g 3 darabos csomagban. \ud83c\udf80\ud83d\udecd\ufe0f\",\"breadcrumb\":{\"@id\":\"https:\/\/fashionuniversum.com\/?product=olavoga-siage-tanga-3db#breadcrumb\"},\"inLanguage\":\"hu\",\"potentialAction\":[{\"@type\":\"ReadAction\",\"target\":[\"https:\/\/fashionuniversum.com\/?product=olavoga-siage-tanga-3db\"]}]},{\"@type\":\"ImageObject\",\"inLanguage\":\"hu\",\"@id\":\"https:\/\/fashionuniversum.com\/?product=olavoga-siage-tanga-3db#primaryimage\",\"url\":\"https:\/\/fashionuniversum.com\/wp-content\/uploads\/2026\/01\/bielizna-SIAGE-083-scaled-1.jpg\",\"contentUrl\":\"https:\/\/fashionuniversum.com\/wp-content\/uploads\/2026\/01\/bielizna-SIAGE-083-scaled-1.jpg\",\"width\":1920,\"height\":2560,\"caption\":\"OLAVOGA SIAGE tanga (3db)\"},{\"@type\":\"BreadcrumbList\",\"@id\":\"https:\/\/fashionuniversum.com\/?product=olavoga-siage-tanga-3db#breadcrumb\",\"itemListElement\":[{\"@type\":\"ListItem\",\"position\":1,\"name\":\"Kezd\u0151lap\",\"item\":\"https:\/\/fashionuniversum.com\/\"},{\"@type\":\"ListItem\",\"position\":2,\"name\":\"Kezd\u0151lap\",\"item\":\"https:\/\/fashionuniversum.com\/\"},{\"@type\":\"ListItem\",\"position\":3,\"name\":\"OLAVOGA SIAGE tanga (3db)\"}]},{\"@type\":\"WebSite\",\"@id\":\"https:\/\/fashionuniversum.com\/#website\",\"url\":\"https:\/\/fashionuniversum.com\/\",\"name\":\"Fashion Universum\",\"description\":\"\",\"publisher\":{\"@id\":\"https:\/\/fashionuniversum.com\/#organization\"},\"potentialAction\":[{\"@type\":\"SearchAction\",\"target\":{\"@type\":\"EntryPoint\",\"urlTemplate\":\"https:\/\/fashionuniversum.com\/?s={search_term_string}\"},\"query-input\":{\"@type\":\"PropertyValueSpecification\",\"valueRequired\":true,\"valueName\":\"search_term_string\"}}],\"inLanguage\":\"hu\"},{\"@type\":\"Organization\",\"@id\":\"https:\/\/fashionuniversum.com\/#organization\",\"name\":\"Fashion Universum\",\"url\":\"https:\/\/fashionuniversum.com\/\",\"logo\":{\"@type\":\"ImageObject\",\"inLanguage\":\"hu\",\"@id\":\"https:\/\/fashionuniversum.com\/#\/schema\/logo\/image\/\",\"url\":\"https:\/\/fashionuniversum.com\/wp-content\/uploads\/2026\/02\/cropped-cropped-imaaage.jpg\",\"contentUrl\":\"https:\/\/fashionuniversum.com\/wp-content\/uploads\/2026\/02\/cropped-cropped-imaaage.jpg\",\"width\":1389,\"height\":285,\"caption\":\"Fashion Universum\"},\"image\":{\"@id\":\"https:\/\/fashionuniversum.com\/#\/schema\/logo\/image\/\"}}]}<\/script>\n<!-- \/ Yoast SEO plugin. -->","yoast_head_json":{"title":"OLAVOGA SIAGE tanga (3db) \u2013 Fashion Universum","description":"Szerezd be az OLAVOGA SIAGE tanga (3db) szettet a Fashion Universum-n\u00e1l! \u2728 K\u00e9nyelem, st\u00edlus \u00e9s pr\u00e9mium min\u0151s\u00e9g 3 darabos csomagban. \ud83c\udf80\ud83d\udecd\ufe0f","robots":{"index":"index","follow":"follow","max-snippet":"max-snippet:-1","max-image-preview":"max-image-preview:large","max-video-preview":"max-video-preview:-1"},"canonical":"https:\/\/fashionuniversum.com\/?product=olavoga-siage-tanga-3db","og_locale":"hu_HU","og_type":"article","og_title":"OLAVOGA SIAGE tanga (3db) \u2013 Fashion Universum","og_description":"Szerezd be az OLAVOGA SIAGE tanga (3db) szettet a Fashion Universum-n\u00e1l! \u2728 K\u00e9nyelem, st\u00edlus \u00e9s pr\u00e9mium min\u0151s\u00e9g 3 darabos csomagban. \ud83c\udf80\ud83d\udecd\ufe0f","og_url":"https:\/\/fashionuniversum.com\/?product=olavoga-siage-tanga-3db","og_site_name":"Fashion Universum","article_modified_time":"2026-03-14T18:55:50+00:00","og_image":[{"width":1920,"height":2560,"url":"https:\/\/fashionuniversum.com\/wp-content\/uploads\/2026\/01\/bielizna-SIAGE-083-scaled-1.jpg","type":"image\/jpeg"}],"twitter_card":"summary_large_image","twitter_misc":{"Becs\u00fclt olvas\u00e1si id\u0151":"2 perc"},"schema":{"@context":"https:\/\/schema.org","@graph":[{"@type":"WebPage","@id":"https:\/\/fashionuniversum.com\/?product=olavoga-siage-tanga-3db","url":"https:\/\/fashionuniversum.com\/?product=olavoga-siage-tanga-3db","name":"OLAVOGA SIAGE tanga (3db) \u2013 Fashion Universum","isPartOf":{"@id":"https:\/\/fashionuniversum.com\/#website"},"primaryImageOfPage":{"@id":"https:\/\/fashionuniversum.com\/?product=olavoga-siage-tanga-3db#primaryimage"},"image":{"@id":"https:\/\/fashionuniversum.com\/?product=olavoga-siage-tanga-3db#primaryimage"},"thumbnailUrl":"https:\/\/fashionuniversum.com\/wp-content\/uploads\/2026\/01\/bielizna-SIAGE-083-scaled-1.jpg","datePublished":"2026-01-22T14:10:20+00:00","dateModified":"2026-03-14T18:55:50+00:00","description":"Szerezd be az OLAVOGA SIAGE tanga (3db) szettet a Fashion Universum-n\u00e1l! \u2728 K\u00e9nyelem, st\u00edlus \u00e9s pr\u00e9mium min\u0151s\u00e9g 3 darabos csomagban. \ud83c\udf80\ud83d\udecd\ufe0f","breadcrumb":{"@id":"https:\/\/fashionuniversum.com\/?product=olavoga-siage-tanga-3db#breadcrumb"},"inLanguage":"hu","potentialAction":[{"@type":"ReadAction","target":["https:\/\/fashionuniversum.com\/?product=olavoga-siage-tanga-3db"]}]},{"@type":"ImageObject","inLanguage":"hu","@id":"https:\/\/fashionuniversum.com\/?product=olavoga-siage-tanga-3db#primaryimage","url":"https:\/\/fashionuniversum.com\/wp-content\/uploads\/2026\/01\/bielizna-SIAGE-083-scaled-1.jpg","contentUrl":"https:\/\/fashionuniversum.com\/wp-content\/uploads\/2026\/01\/bielizna-SIAGE-083-scaled-1.jpg","width":1920,"height":2560,"caption":"OLAVOGA SIAGE tanga (3db)"},{"@type":"BreadcrumbList","@id":"https:\/\/fashionuniversum.com\/?product=olavoga-siage-tanga-3db#breadcrumb","itemListElement":[{"@type":"ListItem","position":1,"name":"Kezd\u0151lap","item":"https:\/\/fashionuniversum.com\/"},{"@type":"ListItem","position":2,"name":"Kezd\u0151lap","item":"https:\/\/fashionuniversum.com\/"},{"@type":"ListItem","position":3,"name":"OLAVOGA SIAGE tanga (3db)"}]},{"@type":"WebSite","@id":"https:\/\/fashionuniversum.com\/#website","url":"https:\/\/fashionuniversum.com\/","name":"Fashion Universum","description":"","publisher":{"@id":"https:\/\/fashionuniversum.com\/#organization"},"potentialAction":[{"@type":"SearchAction","target":{"@type":"EntryPoint","urlTemplate":"https:\/\/fashionuniversum.com\/?s={search_term_string}"},"query-input":{"@type":"PropertyValueSpecification","valueRequired":true,"valueName":"search_term_string"}}],"inLanguage":"hu"},{"@type":"Organization","@id":"https:\/\/fashionuniversum.com\/#organization","name":"Fashion Universum","url":"https:\/\/fashionuniversum.com\/","logo":{"@type":"ImageObject","inLanguage":"hu","@id":"https:\/\/fashionuniversum.com\/#\/schema\/logo\/image\/","url":"https:\/\/fashionuniversum.com\/wp-content\/uploads\/2026\/02\/cropped-cropped-imaaage.jpg","contentUrl":"https:\/\/fashionuniversum.com\/wp-content\/uploads\/2026\/02\/cropped-cropped-imaaage.jpg","width":1389,"height":285,"caption":"Fashion Universum"},"image":{"@id":"https:\/\/fashionuniversum.com\/#\/schema\/logo\/image\/"}}]}},"_links":{"self":[{"href":"https:\/\/fashionuniversum.com\/index.php?rest_route=\/wp\/v2\/product\/1906","targetHints":{"allow":["GET"]}}],"collection":[{"href":"https:\/\/fashionuniversum.com\/index.php?rest_route=\/wp\/v2\/product"}],"about":[{"href":"https:\/\/fashionuniversum.com\/index.php?rest_route=\/wp\/v2\/types\/product"}],"wp:featuredmedia":[{"embeddable":true,"href":"https:\/\/fashionuniversum.com\/index.php?rest_route=\/wp\/v2\/media\/1204"}],"wp:attachment":[{"href":"https:\/\/fashionuniversum.com\/index.php?rest_route=%2Fwp%2Fv2%2Fmedia&parent=1906"}],"wp:term":[{"taxonomy":"product_brand","embeddable":true,"href":"https:\/\/fashionuniversum.com\/index.php?rest_route=%2Fwp%2Fv2%2Fproduct_brand&post=1906"},{"taxonomy":"product_cat","embeddable":true,"href":"https:\/\/fashionuniversum.com\/index.php?rest_route=%2Fwp%2Fv2%2Fproduct_cat&post=1906"},{"taxonomy":"product_tag","embeddable":true,"href":"https:\/\/fashionuniversum.com\/index.php?rest_route=%2Fwp%2Fv2%2Fproduct_tag&post=1906"}],"curies":[{"name":"wp","href":"https:\/\/api.w.org\/{rel}","templated":true}]}}