{"id":1784,"date":"2026-01-22T14:10:11","date_gmt":"2026-01-22T14:10:11","guid":{"rendered":"https:\/\/fashionuniversum.com\/?post_type=product&#038;p=1784"},"modified":"2026-03-18T07:47:28","modified_gmt":"2026-03-18T07:47:28","slug":"olavoga-dopet-leggings-2","status":"publish","type":"product","link":"https:\/\/fashionuniversum.com\/?product=olavoga-dopet-leggings-2","title":{"rendered":"OLAVOGA DOPET leggings"},"content":{"rendered":"<p>OLAVOGA DOPET leggings<\/p>\n<p><!--wood-1--><strong>A modell 165 cm, \u00e9s S-es m\u00e9retet visel.<\/strong><\/p>\n<p><strong>Magas Derek\u00fa N\u0151i Leggings<\/strong> \u2013 Kiv\u00e1l\u00f3 min\u0151s\u00e9g\u0171, rugalmas \u00e9s bord\u00e1zott anyagb\u00f3l k\u00e9sz\u00fclt, amely t\u00f6k\u00e9letesen k\u00f6veti a test vonal\u00e1t.<\/p>\n<ul>\n<li><strong>St\u00edlus<\/strong>: Pr\u00e9mium megjelen\u00e9s, magas der\u00e9kkal a k\u00e9nyelem \u00e9s a tart\u00e1s \u00e9rdek\u00e9ben. Az egyik sz\u00e1r\u00e1n minimalist\u00e1n h\u00edmzett Olavoga log\u00f3val ell\u00e1tva.<\/li>\n<li><strong>Anyag\u00f6sszet\u00e9tel<\/strong>: 82% nylon, 18% spandex \u2013 kellemes viseletet \u00e9s rugalmass\u00e1got biztos\u00edt.<\/li>\n<\/ul>\n<p><strong>M\u00e9rett\u00e1bl\u00e1zat<\/strong>:<\/p>\n<ul>\n<li><strong>XS<\/strong>: Der\u00e9k 50 cm (anyag 10 cm-ig ny\u00falik), Cs\u00edp\u0151 62 cm (anyag 18 cm-ig ny\u00falik), K\u00fcls\u0151 hossza 92 cm, Bels\u0151 hossza 72 cm, Teljes hossz 99 cm, \u00dclep 27 cm<\/li>\n<li><strong>S<\/strong>: Der\u00e9k 52 cm (anyag 10 cm-ig ny\u00falik), Cs\u00edp\u0151 64 cm (anyag 18 cm-ig ny\u00falik), K\u00fcls\u0151 hossza 93 cm, Bels\u0151 hossza 73 cm, Teljes hossz 100 cm, \u00dclep 28 cm<\/li>\n<li><strong>M<\/strong>: Der\u00e9k 54 cm (anyag 10 cm-ig ny\u00falik), Cs\u00edp\u0151 66 cm (anyag 18 cm-ig ny\u00falik), K\u00fcls\u0151 hossza 94 cm, Bels\u0151 hossza 74 cm, Teljes hossz 101 cm, \u00dclep 29 cm<\/li>\n<\/ul>\n","protected":false},"excerpt":{"rendered":"<p>OLAVOGA DOPET leggings A modell 165 cm, \u00e9s S-es m\u00e9retet visel. Magas Derek\u00fa N\u0151i Leggings \u2013 Kiv\u00e1l\u00f3 min\u0151s\u00e9g\u0171, rugalmas \u00e9s bord\u00e1zott anyagb\u00f3l k\u00e9sz\u00fclt, amely t\u00f6k\u00e9letesen &hellip; <\/p>\n","protected":false},"featured_media":818,"template":"","meta":[],"product_brand":[78],"product_cat":[16,19,28,25,43],"product_tag":[],"class_list":{"0":"post-1784","1":"product","2":"type-product","3":"status-publish","4":"has-post-thumbnail","6":"product_brand-olavoga","7":"product_cat-akcios-termekek","8":"product_cat-markak","9":"product_cat-olavoga","10":"product_cat-noi-ruhazat-hu","11":"product_cat-leggingsek-nadragok","13":"first","14":"instock","15":"sale","16":"shipping-taxable","17":"purchasable","18":"product-type-variable"},"yoast_head":"<!-- This site is optimized with the Yoast SEO plugin v26.7 - https:\/\/yoast.com\/wordpress\/plugins\/seo\/ -->\n<title>OLAVOGA DOPET leggings - Fashion Universum<\/title>\n<meta name=\"description\" content=\"OLAVOGA DOPET leggings a Fashion Universumt\u00f3l! \u2728 Pr\u00e9mium anyag, alakform\u00e1l\u00f3 fazon &amp; extra k\u00e9nyelem. \ud83d\udd25 Friss\u00edtsd fel a szetted, csapj le r\u00e1 most! \ud83d\udecd\ufe0f\" \/>\n<meta name=\"robots\" content=\"index, follow, max-snippet:-1, max-image-preview:large, max-video-preview:-1\" \/>\n<link rel=\"canonical\" href=\"https:\/\/fashionuniversum.com\/?product=olavoga-dopet-leggings-2\" \/>\n<meta property=\"og:locale\" content=\"hu_HU\" \/>\n<meta property=\"og:type\" content=\"article\" \/>\n<meta property=\"og:title\" content=\"OLAVOGA DOPET leggings - Fashion Universum\" \/>\n<meta property=\"og:description\" content=\"OLAVOGA DOPET leggings a Fashion Universumt\u00f3l! \u2728 Pr\u00e9mium anyag, alakform\u00e1l\u00f3 fazon &amp; extra k\u00e9nyelem. \ud83d\udd25 Friss\u00edtsd fel a szetted, csapj le r\u00e1 most! \ud83d\udecd\ufe0f\" \/>\n<meta property=\"og:url\" content=\"https:\/\/fashionuniversum.com\/?product=olavoga-dopet-leggings-2\" \/>\n<meta property=\"og:site_name\" content=\"Fashion Universum\" \/>\n<meta property=\"article:modified_time\" content=\"2026-03-18T07:47:28+00:00\" \/>\n<meta property=\"og:image\" content=\"https:\/\/fashionuniversum.com\/wp-content\/uploads\/2026\/01\/legginsy-DOPET-124-scaled-1.jpg\" \/>\n\t<meta property=\"og:image:width\" content=\"2048\" \/>\n\t<meta property=\"og:image:height\" content=\"2560\" \/>\n\t<meta property=\"og:image:type\" content=\"image\/jpeg\" \/>\n<meta name=\"twitter:card\" content=\"summary_large_image\" \/>\n<meta name=\"twitter:label1\" content=\"Becs\u00fclt olvas\u00e1si id\u0151\" \/>\n\t<meta name=\"twitter:data1\" content=\"2 perc\" \/>\n<script type=\"application\/ld+json\" class=\"yoast-schema-graph\">{\"@context\":\"https:\/\/schema.org\",\"@graph\":[{\"@type\":\"WebPage\",\"@id\":\"https:\/\/fashionuniversum.com\/?product=olavoga-dopet-leggings-2\",\"url\":\"https:\/\/fashionuniversum.com\/?product=olavoga-dopet-leggings-2\",\"name\":\"OLAVOGA DOPET leggings - Fashion Universum\",\"isPartOf\":{\"@id\":\"https:\/\/fashionuniversum.com\/#website\"},\"primaryImageOfPage\":{\"@id\":\"https:\/\/fashionuniversum.com\/?product=olavoga-dopet-leggings-2#primaryimage\"},\"image\":{\"@id\":\"https:\/\/fashionuniversum.com\/?product=olavoga-dopet-leggings-2#primaryimage\"},\"thumbnailUrl\":\"https:\/\/fashionuniversum.com\/wp-content\/uploads\/2026\/01\/legginsy-DOPET-124-scaled-1.jpg\",\"datePublished\":\"2026-01-22T14:10:11+00:00\",\"dateModified\":\"2026-03-18T07:47:28+00:00\",\"description\":\"OLAVOGA DOPET leggings a Fashion Universumt\u00f3l! \u2728 Pr\u00e9mium anyag, alakform\u00e1l\u00f3 fazon & extra k\u00e9nyelem. \ud83d\udd25 Friss\u00edtsd fel a szetted, csapj le r\u00e1 most! \ud83d\udecd\ufe0f\",\"breadcrumb\":{\"@id\":\"https:\/\/fashionuniversum.com\/?product=olavoga-dopet-leggings-2#breadcrumb\"},\"inLanguage\":\"hu\",\"potentialAction\":[{\"@type\":\"ReadAction\",\"target\":[\"https:\/\/fashionuniversum.com\/?product=olavoga-dopet-leggings-2\"]}]},{\"@type\":\"ImageObject\",\"inLanguage\":\"hu\",\"@id\":\"https:\/\/fashionuniversum.com\/?product=olavoga-dopet-leggings-2#primaryimage\",\"url\":\"https:\/\/fashionuniversum.com\/wp-content\/uploads\/2026\/01\/legginsy-DOPET-124-scaled-1.jpg\",\"contentUrl\":\"https:\/\/fashionuniversum.com\/wp-content\/uploads\/2026\/01\/legginsy-DOPET-124-scaled-1.jpg\",\"width\":2048,\"height\":2560,\"caption\":\"OLAVOGA DOPET leggings\"},{\"@type\":\"BreadcrumbList\",\"@id\":\"https:\/\/fashionuniversum.com\/?product=olavoga-dopet-leggings-2#breadcrumb\",\"itemListElement\":[{\"@type\":\"ListItem\",\"position\":1,\"name\":\"Kezd\u0151lap\",\"item\":\"https:\/\/fashionuniversum.com\/\"},{\"@type\":\"ListItem\",\"position\":2,\"name\":\"Kezd\u0151lap\",\"item\":\"https:\/\/fashionuniversum.com\/\"},{\"@type\":\"ListItem\",\"position\":3,\"name\":\"OLAVOGA DOPET leggings\"}]},{\"@type\":\"WebSite\",\"@id\":\"https:\/\/fashionuniversum.com\/#website\",\"url\":\"https:\/\/fashionuniversum.com\/\",\"name\":\"Fashion Universum\",\"description\":\"\",\"publisher\":{\"@id\":\"https:\/\/fashionuniversum.com\/#organization\"},\"potentialAction\":[{\"@type\":\"SearchAction\",\"target\":{\"@type\":\"EntryPoint\",\"urlTemplate\":\"https:\/\/fashionuniversum.com\/?s={search_term_string}\"},\"query-input\":{\"@type\":\"PropertyValueSpecification\",\"valueRequired\":true,\"valueName\":\"search_term_string\"}}],\"inLanguage\":\"hu\"},{\"@type\":\"Organization\",\"@id\":\"https:\/\/fashionuniversum.com\/#organization\",\"name\":\"Fashion Universum\",\"url\":\"https:\/\/fashionuniversum.com\/\",\"logo\":{\"@type\":\"ImageObject\",\"inLanguage\":\"hu\",\"@id\":\"https:\/\/fashionuniversum.com\/#\/schema\/logo\/image\/\",\"url\":\"https:\/\/fashionuniversum.com\/wp-content\/uploads\/2026\/02\/cropped-cropped-imaaage.jpg\",\"contentUrl\":\"https:\/\/fashionuniversum.com\/wp-content\/uploads\/2026\/02\/cropped-cropped-imaaage.jpg\",\"width\":1389,\"height\":285,\"caption\":\"Fashion Universum\"},\"image\":{\"@id\":\"https:\/\/fashionuniversum.com\/#\/schema\/logo\/image\/\"}}]}<\/script>\n<!-- \/ Yoast SEO plugin. -->","yoast_head_json":{"title":"OLAVOGA DOPET leggings - Fashion Universum","description":"OLAVOGA DOPET leggings a Fashion Universumt\u00f3l! \u2728 Pr\u00e9mium anyag, alakform\u00e1l\u00f3 fazon & extra k\u00e9nyelem. \ud83d\udd25 Friss\u00edtsd fel a szetted, csapj le r\u00e1 most! \ud83d\udecd\ufe0f","robots":{"index":"index","follow":"follow","max-snippet":"max-snippet:-1","max-image-preview":"max-image-preview:large","max-video-preview":"max-video-preview:-1"},"canonical":"https:\/\/fashionuniversum.com\/?product=olavoga-dopet-leggings-2","og_locale":"hu_HU","og_type":"article","og_title":"OLAVOGA DOPET leggings - Fashion Universum","og_description":"OLAVOGA DOPET leggings a Fashion Universumt\u00f3l! \u2728 Pr\u00e9mium anyag, alakform\u00e1l\u00f3 fazon & extra k\u00e9nyelem. \ud83d\udd25 Friss\u00edtsd fel a szetted, csapj le r\u00e1 most! \ud83d\udecd\ufe0f","og_url":"https:\/\/fashionuniversum.com\/?product=olavoga-dopet-leggings-2","og_site_name":"Fashion Universum","article_modified_time":"2026-03-18T07:47:28+00:00","og_image":[{"width":2048,"height":2560,"url":"https:\/\/fashionuniversum.com\/wp-content\/uploads\/2026\/01\/legginsy-DOPET-124-scaled-1.jpg","type":"image\/jpeg"}],"twitter_card":"summary_large_image","twitter_misc":{"Becs\u00fclt olvas\u00e1si id\u0151":"2 perc"},"schema":{"@context":"https:\/\/schema.org","@graph":[{"@type":"WebPage","@id":"https:\/\/fashionuniversum.com\/?product=olavoga-dopet-leggings-2","url":"https:\/\/fashionuniversum.com\/?product=olavoga-dopet-leggings-2","name":"OLAVOGA DOPET leggings - Fashion Universum","isPartOf":{"@id":"https:\/\/fashionuniversum.com\/#website"},"primaryImageOfPage":{"@id":"https:\/\/fashionuniversum.com\/?product=olavoga-dopet-leggings-2#primaryimage"},"image":{"@id":"https:\/\/fashionuniversum.com\/?product=olavoga-dopet-leggings-2#primaryimage"},"thumbnailUrl":"https:\/\/fashionuniversum.com\/wp-content\/uploads\/2026\/01\/legginsy-DOPET-124-scaled-1.jpg","datePublished":"2026-01-22T14:10:11+00:00","dateModified":"2026-03-18T07:47:28+00:00","description":"OLAVOGA DOPET leggings a Fashion Universumt\u00f3l! \u2728 Pr\u00e9mium anyag, alakform\u00e1l\u00f3 fazon & extra k\u00e9nyelem. \ud83d\udd25 Friss\u00edtsd fel a szetted, csapj le r\u00e1 most! \ud83d\udecd\ufe0f","breadcrumb":{"@id":"https:\/\/fashionuniversum.com\/?product=olavoga-dopet-leggings-2#breadcrumb"},"inLanguage":"hu","potentialAction":[{"@type":"ReadAction","target":["https:\/\/fashionuniversum.com\/?product=olavoga-dopet-leggings-2"]}]},{"@type":"ImageObject","inLanguage":"hu","@id":"https:\/\/fashionuniversum.com\/?product=olavoga-dopet-leggings-2#primaryimage","url":"https:\/\/fashionuniversum.com\/wp-content\/uploads\/2026\/01\/legginsy-DOPET-124-scaled-1.jpg","contentUrl":"https:\/\/fashionuniversum.com\/wp-content\/uploads\/2026\/01\/legginsy-DOPET-124-scaled-1.jpg","width":2048,"height":2560,"caption":"OLAVOGA DOPET leggings"},{"@type":"BreadcrumbList","@id":"https:\/\/fashionuniversum.com\/?product=olavoga-dopet-leggings-2#breadcrumb","itemListElement":[{"@type":"ListItem","position":1,"name":"Kezd\u0151lap","item":"https:\/\/fashionuniversum.com\/"},{"@type":"ListItem","position":2,"name":"Kezd\u0151lap","item":"https:\/\/fashionuniversum.com\/"},{"@type":"ListItem","position":3,"name":"OLAVOGA DOPET leggings"}]},{"@type":"WebSite","@id":"https:\/\/fashionuniversum.com\/#website","url":"https:\/\/fashionuniversum.com\/","name":"Fashion Universum","description":"","publisher":{"@id":"https:\/\/fashionuniversum.com\/#organization"},"potentialAction":[{"@type":"SearchAction","target":{"@type":"EntryPoint","urlTemplate":"https:\/\/fashionuniversum.com\/?s={search_term_string}"},"query-input":{"@type":"PropertyValueSpecification","valueRequired":true,"valueName":"search_term_string"}}],"inLanguage":"hu"},{"@type":"Organization","@id":"https:\/\/fashionuniversum.com\/#organization","name":"Fashion Universum","url":"https:\/\/fashionuniversum.com\/","logo":{"@type":"ImageObject","inLanguage":"hu","@id":"https:\/\/fashionuniversum.com\/#\/schema\/logo\/image\/","url":"https:\/\/fashionuniversum.com\/wp-content\/uploads\/2026\/02\/cropped-cropped-imaaage.jpg","contentUrl":"https:\/\/fashionuniversum.com\/wp-content\/uploads\/2026\/02\/cropped-cropped-imaaage.jpg","width":1389,"height":285,"caption":"Fashion Universum"},"image":{"@id":"https:\/\/fashionuniversum.com\/#\/schema\/logo\/image\/"}}]}},"_links":{"self":[{"href":"https:\/\/fashionuniversum.com\/index.php?rest_route=\/wp\/v2\/product\/1784","targetHints":{"allow":["GET"]}}],"collection":[{"href":"https:\/\/fashionuniversum.com\/index.php?rest_route=\/wp\/v2\/product"}],"about":[{"href":"https:\/\/fashionuniversum.com\/index.php?rest_route=\/wp\/v2\/types\/product"}],"wp:featuredmedia":[{"embeddable":true,"href":"https:\/\/fashionuniversum.com\/index.php?rest_route=\/wp\/v2\/media\/818"}],"wp:attachment":[{"href":"https:\/\/fashionuniversum.com\/index.php?rest_route=%2Fwp%2Fv2%2Fmedia&parent=1784"}],"wp:term":[{"taxonomy":"product_brand","embeddable":true,"href":"https:\/\/fashionuniversum.com\/index.php?rest_route=%2Fwp%2Fv2%2Fproduct_brand&post=1784"},{"taxonomy":"product_cat","embeddable":true,"href":"https:\/\/fashionuniversum.com\/index.php?rest_route=%2Fwp%2Fv2%2Fproduct_cat&post=1784"},{"taxonomy":"product_tag","embeddable":true,"href":"https:\/\/fashionuniversum.com\/index.php?rest_route=%2Fwp%2Fv2%2Fproduct_tag&post=1784"}],"curies":[{"name":"wp","href":"https:\/\/api.w.org\/{rel}","templated":true}]}}