{"id":1758,"date":"2026-01-22T14:10:09","date_gmt":"2026-01-22T14:10:09","guid":{"rendered":"https:\/\/fashionuniversum.com\/?post_type=product&#038;p=1758"},"modified":"2026-03-02T09:27:07","modified_gmt":"2026-03-02T09:27:07","slug":"olavoga-gracia-pulover","status":"publish","type":"product","link":"https:\/\/fashionuniversum.com\/?product=olavoga-gracia-pulover","title":{"rendered":"OLAVOGA GRACIA pul\u00f3ver"},"content":{"rendered":"<p>OLAVOGA GRACIA pul\u00f3ver<\/p>\n<p>Ez a k\u00f6nnyed\u00e9n oversized st\u00edlus\u00fa, kapucnis pul\u00f3ver kiv\u00e1l\u00f3 min\u0151s\u00e9g\u0171 pamut anyagb\u00f3l k\u00e9sz\u00fclt. Az el\u00fcls\u0151 r\u00e9szen egy praktikus zseb \u00e9s minimalista OLAVOGA log\u00f3 tal\u00e1lhat\u00f3.<br \/>\nA h\u00e1tr\u00e9szen egy nagyobb, \u00e9rdekes nyomat, valamint a \u201eTHE ROYAL QUALITY\u201d feliratos m\u00e1rkalog\u00f3 d\u00edsz\u00edti. A szeg\u00e9lyekn\u00e9l bord\u00e1zott mandzsett\u00e1k tal\u00e1lhat\u00f3ak a k\u00e9nyelem \u00e9rdek\u00e9ben.<\/p>\n<p><strong>M\u00e9ret: S M<\/strong><\/p>\n<ul>\n<li><strong>Mellb\u0151s\u00e9g<\/strong> (anyag 7 cm-ig ny\u00falik): 110 cm, 113 cm<\/li>\n<li><strong>Teljes hossz<\/strong>: 65 cm, 66 cm<\/li>\n<li><strong>K\u00fcls\u0151 ujjhossz<\/strong>: 73 cm, 74 cm<\/li>\n<li><strong>Bels\u0151 ujjhossz<\/strong>: 70 cm, 71 cm<\/li>\n<\/ul>\n<p>A ruh\u00e1kat fektetve m\u00e9rik, ez\u00e9rt az egyes m\u00e9retek elt\u00e9rhetnek +\/- 2 cm-t\u0151l.<\/p>\n","protected":false},"excerpt":{"rendered":"<p>OLAVOGA GRACIA pul\u00f3ver Ez a k\u00f6nnyed\u00e9n oversized st\u00edlus\u00fa, kapucnis pul\u00f3ver kiv\u00e1l\u00f3 min\u0151s\u00e9g\u0171 pamut anyagb\u00f3l k\u00e9sz\u00fclt. Az el\u00fcls\u0151 r\u00e9szen egy praktikus zseb \u00e9s minimalista OLAVOGA log\u00f3 &hellip; <\/p>\n","protected":false},"featured_media":606,"template":"","meta":[],"product_brand":[78],"product_cat":[19,28,25,41],"product_tag":[],"class_list":{"0":"post-1758","1":"product","2":"type-product","3":"status-publish","4":"has-post-thumbnail","6":"product_brand-olavoga","7":"product_cat-markak","8":"product_cat-olavoga","9":"product_cat-noi-ruhazat-hu","10":"product_cat-puloverek","12":"first","13":"instock","14":"sale","15":"shipping-taxable","16":"purchasable","17":"product-type-variable"},"yoast_head":"<!-- This site is optimized with the Yoast SEO plugin v26.7 - https:\/\/yoast.com\/wordpress\/plugins\/seo\/ -->\n<title>OLAVOGA GRACIA pul\u00f3ver - Fashion Universum<\/title>\n<meta name=\"description\" content=\"OLAVOGA GRACIA pul\u00f3ver. Ez a k\u00f6nnyed\u00e9n oversized st\u00edlus\u00fa, kapucnis pul\u00f3ver kiv\u00e1l\u00f3 min\u0151s\u00e9g\u0171 pamut anyagb\u00f3l k\u00e9sz\u00fclt, az el\u00fcls\u0151 r\u00e9szen egy praktikus zsebbel.\" \/>\n<meta name=\"robots\" content=\"index, follow, max-snippet:-1, max-image-preview:large, max-video-preview:-1\" \/>\n<link rel=\"canonical\" href=\"https:\/\/fashionuniversum.com\/?product=olavoga-gracia-pulover\" \/>\n<meta property=\"og:locale\" content=\"hu_HU\" \/>\n<meta property=\"og:type\" content=\"article\" \/>\n<meta property=\"og:title\" content=\"OLAVOGA GRACIA pul\u00f3ver - Fashion Universum\" \/>\n<meta property=\"og:description\" content=\"OLAVOGA GRACIA pul\u00f3ver. Ez a k\u00f6nnyed\u00e9n oversized st\u00edlus\u00fa, kapucnis pul\u00f3ver kiv\u00e1l\u00f3 min\u0151s\u00e9g\u0171 pamut anyagb\u00f3l k\u00e9sz\u00fclt, az el\u00fcls\u0151 r\u00e9szen egy praktikus zsebbel.\" \/>\n<meta property=\"og:url\" content=\"https:\/\/fashionuniversum.com\/?product=olavoga-gracia-pulover\" \/>\n<meta property=\"og:site_name\" content=\"Fashion Universum\" \/>\n<meta property=\"article:modified_time\" content=\"2026-03-02T09:27:07+00:00\" \/>\n<meta property=\"og:image\" content=\"https:\/\/fashionuniversum.com\/wp-content\/uploads\/2026\/01\/bluza-GRACIA-310-scaled-1.jpg\" \/>\n\t<meta property=\"og:image:width\" content=\"1920\" \/>\n\t<meta property=\"og:image:height\" content=\"2560\" \/>\n\t<meta property=\"og:image:type\" content=\"image\/jpeg\" \/>\n<meta name=\"twitter:card\" content=\"summary_large_image\" \/>\n<meta name=\"twitter:label1\" content=\"Becs\u00fclt olvas\u00e1si id\u0151\" \/>\n\t<meta name=\"twitter:data1\" content=\"1 perc\" \/>\n<script type=\"application\/ld+json\" class=\"yoast-schema-graph\">{\"@context\":\"https:\/\/schema.org\",\"@graph\":[{\"@type\":\"WebPage\",\"@id\":\"https:\/\/fashionuniversum.com\/?product=olavoga-gracia-pulover\",\"url\":\"https:\/\/fashionuniversum.com\/?product=olavoga-gracia-pulover\",\"name\":\"OLAVOGA GRACIA pul\u00f3ver - Fashion Universum\",\"isPartOf\":{\"@id\":\"https:\/\/fashionuniversum.com\/#website\"},\"primaryImageOfPage\":{\"@id\":\"https:\/\/fashionuniversum.com\/?product=olavoga-gracia-pulover#primaryimage\"},\"image\":{\"@id\":\"https:\/\/fashionuniversum.com\/?product=olavoga-gracia-pulover#primaryimage\"},\"thumbnailUrl\":\"https:\/\/fashionuniversum.com\/wp-content\/uploads\/2026\/01\/bluza-GRACIA-310-scaled-1.jpg\",\"datePublished\":\"2026-01-22T14:10:09+00:00\",\"dateModified\":\"2026-03-02T09:27:07+00:00\",\"description\":\"OLAVOGA GRACIA pul\u00f3ver. Ez a k\u00f6nnyed\u00e9n oversized st\u00edlus\u00fa, kapucnis pul\u00f3ver kiv\u00e1l\u00f3 min\u0151s\u00e9g\u0171 pamut anyagb\u00f3l k\u00e9sz\u00fclt, az el\u00fcls\u0151 r\u00e9szen egy praktikus zsebbel.\",\"breadcrumb\":{\"@id\":\"https:\/\/fashionuniversum.com\/?product=olavoga-gracia-pulover#breadcrumb\"},\"inLanguage\":\"hu\",\"potentialAction\":[{\"@type\":\"ReadAction\",\"target\":[\"https:\/\/fashionuniversum.com\/?product=olavoga-gracia-pulover\"]}]},{\"@type\":\"ImageObject\",\"inLanguage\":\"hu\",\"@id\":\"https:\/\/fashionuniversum.com\/?product=olavoga-gracia-pulover#primaryimage\",\"url\":\"https:\/\/fashionuniversum.com\/wp-content\/uploads\/2026\/01\/bluza-GRACIA-310-scaled-1.jpg\",\"contentUrl\":\"https:\/\/fashionuniversum.com\/wp-content\/uploads\/2026\/01\/bluza-GRACIA-310-scaled-1.jpg\",\"width\":1920,\"height\":2560,\"caption\":\"OLAVOGA GRACIA pul\u00f3ver\"},{\"@type\":\"BreadcrumbList\",\"@id\":\"https:\/\/fashionuniversum.com\/?product=olavoga-gracia-pulover#breadcrumb\",\"itemListElement\":[{\"@type\":\"ListItem\",\"position\":1,\"name\":\"Kezd\u0151lap\",\"item\":\"https:\/\/fashionuniversum.com\/\"},{\"@type\":\"ListItem\",\"position\":2,\"name\":\"Kezd\u0151lap\",\"item\":\"https:\/\/fashionuniversum.com\/\"},{\"@type\":\"ListItem\",\"position\":3,\"name\":\"OLAVOGA GRACIA pul\u00f3ver\"}]},{\"@type\":\"WebSite\",\"@id\":\"https:\/\/fashionuniversum.com\/#website\",\"url\":\"https:\/\/fashionuniversum.com\/\",\"name\":\"Fashion Universum\",\"description\":\"\",\"publisher\":{\"@id\":\"https:\/\/fashionuniversum.com\/#organization\"},\"potentialAction\":[{\"@type\":\"SearchAction\",\"target\":{\"@type\":\"EntryPoint\",\"urlTemplate\":\"https:\/\/fashionuniversum.com\/?s={search_term_string}\"},\"query-input\":{\"@type\":\"PropertyValueSpecification\",\"valueRequired\":true,\"valueName\":\"search_term_string\"}}],\"inLanguage\":\"hu\"},{\"@type\":\"Organization\",\"@id\":\"https:\/\/fashionuniversum.com\/#organization\",\"name\":\"Fashion Universum\",\"url\":\"https:\/\/fashionuniversum.com\/\",\"logo\":{\"@type\":\"ImageObject\",\"inLanguage\":\"hu\",\"@id\":\"https:\/\/fashionuniversum.com\/#\/schema\/logo\/image\/\",\"url\":\"https:\/\/fashionuniversum.com\/wp-content\/uploads\/2026\/02\/cropped-cropped-imaaage.jpg\",\"contentUrl\":\"https:\/\/fashionuniversum.com\/wp-content\/uploads\/2026\/02\/cropped-cropped-imaaage.jpg\",\"width\":1389,\"height\":285,\"caption\":\"Fashion Universum\"},\"image\":{\"@id\":\"https:\/\/fashionuniversum.com\/#\/schema\/logo\/image\/\"}}]}<\/script>\n<!-- \/ Yoast SEO plugin. -->","yoast_head_json":{"title":"OLAVOGA GRACIA pul\u00f3ver - Fashion Universum","description":"OLAVOGA GRACIA pul\u00f3ver. Ez a k\u00f6nnyed\u00e9n oversized st\u00edlus\u00fa, kapucnis pul\u00f3ver kiv\u00e1l\u00f3 min\u0151s\u00e9g\u0171 pamut anyagb\u00f3l k\u00e9sz\u00fclt, az el\u00fcls\u0151 r\u00e9szen egy praktikus zsebbel.","robots":{"index":"index","follow":"follow","max-snippet":"max-snippet:-1","max-image-preview":"max-image-preview:large","max-video-preview":"max-video-preview:-1"},"canonical":"https:\/\/fashionuniversum.com\/?product=olavoga-gracia-pulover","og_locale":"hu_HU","og_type":"article","og_title":"OLAVOGA GRACIA pul\u00f3ver - Fashion Universum","og_description":"OLAVOGA GRACIA pul\u00f3ver. Ez a k\u00f6nnyed\u00e9n oversized st\u00edlus\u00fa, kapucnis pul\u00f3ver kiv\u00e1l\u00f3 min\u0151s\u00e9g\u0171 pamut anyagb\u00f3l k\u00e9sz\u00fclt, az el\u00fcls\u0151 r\u00e9szen egy praktikus zsebbel.","og_url":"https:\/\/fashionuniversum.com\/?product=olavoga-gracia-pulover","og_site_name":"Fashion Universum","article_modified_time":"2026-03-02T09:27:07+00:00","og_image":[{"width":1920,"height":2560,"url":"https:\/\/fashionuniversum.com\/wp-content\/uploads\/2026\/01\/bluza-GRACIA-310-scaled-1.jpg","type":"image\/jpeg"}],"twitter_card":"summary_large_image","twitter_misc":{"Becs\u00fclt olvas\u00e1si id\u0151":"1 perc"},"schema":{"@context":"https:\/\/schema.org","@graph":[{"@type":"WebPage","@id":"https:\/\/fashionuniversum.com\/?product=olavoga-gracia-pulover","url":"https:\/\/fashionuniversum.com\/?product=olavoga-gracia-pulover","name":"OLAVOGA GRACIA pul\u00f3ver - Fashion Universum","isPartOf":{"@id":"https:\/\/fashionuniversum.com\/#website"},"primaryImageOfPage":{"@id":"https:\/\/fashionuniversum.com\/?product=olavoga-gracia-pulover#primaryimage"},"image":{"@id":"https:\/\/fashionuniversum.com\/?product=olavoga-gracia-pulover#primaryimage"},"thumbnailUrl":"https:\/\/fashionuniversum.com\/wp-content\/uploads\/2026\/01\/bluza-GRACIA-310-scaled-1.jpg","datePublished":"2026-01-22T14:10:09+00:00","dateModified":"2026-03-02T09:27:07+00:00","description":"OLAVOGA GRACIA pul\u00f3ver. Ez a k\u00f6nnyed\u00e9n oversized st\u00edlus\u00fa, kapucnis pul\u00f3ver kiv\u00e1l\u00f3 min\u0151s\u00e9g\u0171 pamut anyagb\u00f3l k\u00e9sz\u00fclt, az el\u00fcls\u0151 r\u00e9szen egy praktikus zsebbel.","breadcrumb":{"@id":"https:\/\/fashionuniversum.com\/?product=olavoga-gracia-pulover#breadcrumb"},"inLanguage":"hu","potentialAction":[{"@type":"ReadAction","target":["https:\/\/fashionuniversum.com\/?product=olavoga-gracia-pulover"]}]},{"@type":"ImageObject","inLanguage":"hu","@id":"https:\/\/fashionuniversum.com\/?product=olavoga-gracia-pulover#primaryimage","url":"https:\/\/fashionuniversum.com\/wp-content\/uploads\/2026\/01\/bluza-GRACIA-310-scaled-1.jpg","contentUrl":"https:\/\/fashionuniversum.com\/wp-content\/uploads\/2026\/01\/bluza-GRACIA-310-scaled-1.jpg","width":1920,"height":2560,"caption":"OLAVOGA GRACIA pul\u00f3ver"},{"@type":"BreadcrumbList","@id":"https:\/\/fashionuniversum.com\/?product=olavoga-gracia-pulover#breadcrumb","itemListElement":[{"@type":"ListItem","position":1,"name":"Kezd\u0151lap","item":"https:\/\/fashionuniversum.com\/"},{"@type":"ListItem","position":2,"name":"Kezd\u0151lap","item":"https:\/\/fashionuniversum.com\/"},{"@type":"ListItem","position":3,"name":"OLAVOGA GRACIA pul\u00f3ver"}]},{"@type":"WebSite","@id":"https:\/\/fashionuniversum.com\/#website","url":"https:\/\/fashionuniversum.com\/","name":"Fashion Universum","description":"","publisher":{"@id":"https:\/\/fashionuniversum.com\/#organization"},"potentialAction":[{"@type":"SearchAction","target":{"@type":"EntryPoint","urlTemplate":"https:\/\/fashionuniversum.com\/?s={search_term_string}"},"query-input":{"@type":"PropertyValueSpecification","valueRequired":true,"valueName":"search_term_string"}}],"inLanguage":"hu"},{"@type":"Organization","@id":"https:\/\/fashionuniversum.com\/#organization","name":"Fashion Universum","url":"https:\/\/fashionuniversum.com\/","logo":{"@type":"ImageObject","inLanguage":"hu","@id":"https:\/\/fashionuniversum.com\/#\/schema\/logo\/image\/","url":"https:\/\/fashionuniversum.com\/wp-content\/uploads\/2026\/02\/cropped-cropped-imaaage.jpg","contentUrl":"https:\/\/fashionuniversum.com\/wp-content\/uploads\/2026\/02\/cropped-cropped-imaaage.jpg","width":1389,"height":285,"caption":"Fashion Universum"},"image":{"@id":"https:\/\/fashionuniversum.com\/#\/schema\/logo\/image\/"}}]}},"_links":{"self":[{"href":"https:\/\/fashionuniversum.com\/index.php?rest_route=\/wp\/v2\/product\/1758","targetHints":{"allow":["GET"]}}],"collection":[{"href":"https:\/\/fashionuniversum.com\/index.php?rest_route=\/wp\/v2\/product"}],"about":[{"href":"https:\/\/fashionuniversum.com\/index.php?rest_route=\/wp\/v2\/types\/product"}],"wp:featuredmedia":[{"embeddable":true,"href":"https:\/\/fashionuniversum.com\/index.php?rest_route=\/wp\/v2\/media\/606"}],"wp:attachment":[{"href":"https:\/\/fashionuniversum.com\/index.php?rest_route=%2Fwp%2Fv2%2Fmedia&parent=1758"}],"wp:term":[{"taxonomy":"product_brand","embeddable":true,"href":"https:\/\/fashionuniversum.com\/index.php?rest_route=%2Fwp%2Fv2%2Fproduct_brand&post=1758"},{"taxonomy":"product_cat","embeddable":true,"href":"https:\/\/fashionuniversum.com\/index.php?rest_route=%2Fwp%2Fv2%2Fproduct_cat&post=1758"},{"taxonomy":"product_tag","embeddable":true,"href":"https:\/\/fashionuniversum.com\/index.php?rest_route=%2Fwp%2Fv2%2Fproduct_tag&post=1758"}],"curies":[{"name":"wp","href":"https:\/\/api.w.org\/{rel}","templated":true}]}}